Last updated on 2024-06-29 23:50:04 CEST.
Flavor | Version | Tinstall | Tcheck | Ttotal | Status | Flags |
---|---|---|---|---|---|---|
r-devel-linux-x86_64-debian-clang | 1.0-12 | 5.15 | 91.65 | 96.80 | OK | |
r-devel-linux-x86_64-debian-gcc | 1.0-12 | 5.07 | 67.22 | 72.29 | OK | |
r-devel-linux-x86_64-fedora-clang | 1.0-12 | 121.31 | OK | |||
r-devel-linux-x86_64-fedora-gcc | 1.0-12 | 114.42 | OK | |||
r-devel-windows-x86_64 | 1.0-12 | 6.00 | 102.00 | 108.00 | OK | |
r-patched-linux-x86_64 | 1.0-12 | 6.38 | 86.96 | 93.34 | OK | |
r-release-linux-x86_64 | 1.0-12 | 5.60 | 86.19 | 91.79 | OK | |
r-release-macos-arm64 | 1.0-12 | 49.00 | NOTE | |||
r-release-macos-x86_64 | 1.0-12 | 76.00 | NOTE | |||
r-release-windows-x86_64 | 1.0-12 | 7.00 | 102.00 | 109.00 | OK | |
r-oldrel-macos-arm64 | 1.0-12 | 66.00 | NOTE | |||
r-oldrel-macos-x86_64 | 1.0-12 | 127.00 | NOTE | |||
r-oldrel-windows-x86_64 | 1.0-12 | 8.00 | 130.00 | 138.00 | OK |
Version: 1.0-12
Check: package dependencies
Result: NOTE
Package suggested but not available for checking: ‘Rmpi’
Flavors: r-release-macos-arm64, r-release-macos-x86_64, r-oldrel-macos-arm64, r-oldrel-macos-x86_64
Version: 1.0-12
Check: Rd cross-references
Result: NOTE
Package unavailable to check Rd xrefs: ‘Rmpi’
Flavors: r-release-macos-arm64, r-release-macos-x86_64, r-oldrel-macos-arm64, r-oldrel-macos-x86_64