Last updated on 2024-07-02 01:57:22 CEST.
Flavor | Version | Tinstall | Tcheck | Ttotal | Status | Flags |
---|---|---|---|---|---|---|
r-devel-linux-x86_64-debian-clang | 0.4.2 | 2.25 | 60.96 | 63.21 | NOTE | |
r-devel-linux-x86_64-debian-gcc | 0.4.2 | 1.95 | 48.33 | 50.28 | NOTE | |
r-devel-linux-x86_64-fedora-clang | 0.4.2 | 81.05 | NOTE | |||
r-devel-linux-x86_64-fedora-gcc | 0.4.2 | 91.98 | NOTE | |||
r-devel-windows-x86_64 | 0.4.2 | 3.00 | 80.00 | 83.00 | NOTE | |
r-patched-linux-x86_64 | 0.4.2 | 2.60 | 58.44 | 61.04 | NOTE | |
r-release-linux-x86_64 | 0.4.2 | 2.63 | 59.94 | 62.57 | NOTE | |
r-release-macos-arm64 | 0.4.2 | 48.00 | NOTE | |||
r-release-macos-x86_64 | 0.4.2 | 64.00 | NOTE | |||
r-release-windows-x86_64 | 0.4.2 | 3.00 | 78.00 | 81.00 | NOTE | |
r-oldrel-macos-arm64 | 0.4.2 | 53.00 | NOTE | |||
r-oldrel-macos-x86_64 | 0.4.2 | 68.00 | NOTE | |||
r-oldrel-windows-x86_64 | 0.4.2 | 4.00 | 89.00 | 93.00 | ERROR |
Version: 0.4.2
Check: package subdirectories
Result: NOTE
Problems with news in ‘NEWS.md’:
Cannot extract version info from the following section titles:
simpleCache [0.0.1]
Flavors: r-devel-linux-x86_64-debian-clang, r-devel-linux-x86_64-debian-gcc, r-devel-linux-x86_64-fedora-clang, r-devel-linux-x86_64-fedora-gcc, r-devel-windows-x86_64, r-patched-linux-x86_64, r-release-linux-x86_64, r-release-macos-arm64, r-release-macos-x86_64, r-release-windows-x86_64, r-oldrel-macos-arm64, r-oldrel-macos-x86_64, r-oldrel-windows-x86_64
Version: 0.4.2
Check: tests
Result: ERROR
Running 'testthat.R' [9s]
Running the tests in 'tests/testthat.R' failed.
Complete output:
> library(testthat)
> library(simpleCache)
>
> test_check("simpleCache")
[ FAIL 1 | WARN 0 | SKIP 0 | PASS 66 ]
══ Failed tests ════════════════════════════════════════════════════════════════
── Failure ('test_cache_lifespan.R:18:3'): Direct lifespan specification is preferred to background option ──
`t0` not equal to file.info(fp)$ctime.
1/1 mismatches
[1] 2024-07-01 17:15:54.699 - 2024-07-01 17:15:54.684 == 0.0156 secs
[ FAIL 1 | WARN 0 | SKIP 0 | PASS 66 ]
Error: Test failures
Execution halted
Flavor: r-oldrel-windows-x86_64