Last updated on 2025-04-30 13:54:30 CEST.
Flavor | Version | Tinstall | Tcheck | Ttotal | Status | Flags |
---|---|---|---|---|---|---|
r-devel-linux-x86_64-debian-clang | 1.0 | 2.51 | 41.52 | 44.03 | NOTE | |
r-devel-linux-x86_64-debian-gcc | 1.0 | 1.65 | 30.51 | 32.16 | OK | |
r-devel-linux-x86_64-fedora-clang | 1.0 | 68.86 | OK | |||
r-devel-linux-x86_64-fedora-gcc | 1.0 | 65.59 | OK | |||
r-devel-windows-x86_64 | 1.0 | 5.00 | 66.00 | 71.00 | OK | |
r-patched-linux-x86_64 | 1.0 | 3.19 | 38.47 | 41.66 | OK | |
r-release-linux-x86_64 | 1.0 | 2.17 | 38.65 | 40.82 | OK | |
r-release-macos-arm64 | 1.0 | 23.00 | OK | |||
r-release-macos-x86_64 | 1.0 | 63.00 | OK | |||
r-release-windows-x86_64 | 1.0 | 5.00 | 65.00 | 70.00 | OK | |
r-oldrel-macos-arm64 | 1.0 | 26.00 | OK | |||
r-oldrel-macos-x86_64 | 1.0 | 35.00 | OK | |||
r-oldrel-windows-x86_64 | 1.0 | 6.00 | 74.00 | 80.00 | OK |
Version: 1.0
Check: examples
Result: NOTE
Examples with CPU (user + system) or elapsed time > 5s
user system elapsed
effFitAndSelect 5.233 0.047 6.473
Flavor: r-devel-linux-x86_64-debian-clang