Last updated on 2025-05-01 20:49:52 CEST.
Flavor | Version | Tinstall | Tcheck | Ttotal | Status | Flags |
---|---|---|---|---|---|---|
r-devel-linux-x86_64-debian-clang | 1.0.3 | 8.44 | 75.12 | 83.56 | NOTE | |
r-devel-linux-x86_64-debian-gcc | 1.0.3 | 6.78 | 52.88 | 59.66 | NOTE | |
r-devel-linux-x86_64-fedora-clang | 1.0.3 | 123.86 | NOTE | |||
r-devel-linux-x86_64-fedora-gcc | 1.0.3 | 114.09 | NOTE | |||
r-devel-windows-x86_64 | 1.0.3 | 11.00 | 101.00 | 112.00 | NOTE | |
r-patched-linux-x86_64 | 1.0.3 | 9.90 | 68.94 | 78.84 | NOTE | |
r-release-linux-x86_64 | NOTE | |||||
r-release-macos-arm64 | 1.0.3 | 37.00 | NOTE | |||
r-release-macos-x86_64 | 1.0.3 | 62.00 | NOTE | |||
r-release-windows-x86_64 | 1.0.3 | 12.00 | 109.00 | 121.00 | NOTE | |
r-oldrel-macos-arm64 | 1.0.3 | 34.00 | NOTE | |||
r-oldrel-macos-x86_64 | 1.0.3 | 51.00 | NOTE | |||
r-oldrel-windows-x86_64 | 1.0.3 | 14.00 | 115.00 | 129.00 | NOTE |
Version: 1.0.3
Check: Rd files
Result: NOTE
checkRd: (-1) create_modelDF.Rd:25-38: Lost braces
25 | convert_xlsx_to_csv<-function(xlsx_file){
| ^
checkRd: (-1) create_modelDF.Rd:33-36: Lost braces
33 | for (i in Sheetnames) {
| ^
Flavors: r-devel-linux-x86_64-debian-clang, r-devel-linux-x86_64-debian-gcc, r-devel-linux-x86_64-fedora-clang, r-devel-linux-x86_64-fedora-gcc, r-devel-windows-x86_64, r-patched-linux-x86_64, r-release-linux-x86_64, r-release-macos-arm64, r-release-macos-x86_64, r-release-windows-x86_64, r-oldrel-macos-arm64, r-oldrel-macos-x86_64, r-oldrel-windows-x86_64
Version: 1.0.3
Check: examples
Result: NOTE
Examples with CPU (user + system) or elapsed time > 5s
user system elapsed
Model_DualKc 3.783 0.142 5.555
Flavor: r-devel-linux-x86_64-debian-clang