Last updated on 2025-04-30 01:50:37 CEST.
Flavor | Version | Tinstall | Tcheck | Ttotal | Status | Flags |
---|---|---|---|---|---|---|
r-devel-linux-x86_64-debian-clang | 1.0.0 | 2.80 | 81.63 | 84.43 | NOTE | |
r-devel-linux-x86_64-debian-gcc | 1.0.0 | 2.28 | 56.12 | 58.40 | NOTE | |
r-devel-linux-x86_64-fedora-clang | 1.0.0 | 123.80 | OK | |||
r-devel-linux-x86_64-fedora-gcc | 1.0.0 | 131.24 | OK | |||
r-devel-windows-x86_64 | 1.0.0 | 5.00 | 89.00 | 94.00 | OK | |
r-patched-linux-x86_64 | 1.0.0 | 2.89 | 78.27 | 81.16 | OK | |
r-release-linux-x86_64 | 1.0.0 | 2.70 | 76.60 | 79.30 | OK | |
r-release-macos-arm64 | 1.0.0 | 42.00 | OK | |||
r-release-macos-x86_64 | 1.0.0 | 69.00 | OK | |||
r-release-windows-x86_64 | 1.0.0 | 6.00 | 92.00 | 98.00 | OK | |
r-oldrel-macos-arm64 | 1.0.0 | 46.00 | OK | |||
r-oldrel-macos-x86_64 | 1.0.0 | 87.00 | OK | |||
r-oldrel-windows-x86_64 | 1.0.0 | 6.00 | 106.00 | 112.00 | OK |
Version: 1.0.0
Check: examples
Result: NOTE
Examples with CPU (user + system) or elapsed time > 5s
user system elapsed
aggregate_rasters 7.677 0.073 9.906
Flavor: r-devel-linux-x86_64-debian-clang
Version: 1.0.0
Check: examples
Result: NOTE
Examples with CPU (user + system) or elapsed time > 5s
user system elapsed
aggregate_rasters 4.432 0.049 5.698
Flavor: r-devel-linux-x86_64-debian-gcc