CRAN Package Check Results for Package shinymeta

Last updated on 2025-02-21 19:50:40 CET.

Flavor Version Tinstall Tcheck Ttotal Status Flags
r-devel-linux-x86_64-debian-clang 0.2.0.3 4.78 54.18 58.96 NOTE
r-devel-linux-x86_64-debian-gcc 0.2.0.3 3.69 39.49 43.18 NOTE
r-devel-linux-x86_64-fedora-clang 0.2.0.3 101.31 OK
r-devel-linux-x86_64-fedora-gcc 0.2.0.3 94.96 OK
r-devel-macos-arm64 0.2.0.3 31.00 OK
r-devel-macos-x86_64 0.2.0.3 49.00 OK
r-devel-windows-x86_64 0.2.0.3 8.00 86.00 94.00 NOTE
r-patched-linux-x86_64 0.2.0.3 9.11 50.74 59.85 OK
r-release-linux-x86_64 0.2.0.3 4.94 50.72 55.66 OK
r-release-macos-arm64 0.2.0.3 30.00 OK
r-release-macos-x86_64 0.2.0.3 46.00 OK
r-release-windows-x86_64 0.2.0.3 8.00 87.00 95.00 OK
r-oldrel-macos-arm64 0.2.0.3 31.00 OK
r-oldrel-macos-x86_64 0.2.0.3 49.00 OK
r-oldrel-windows-x86_64 0.2.0.3 10.00 95.00 105.00 OK

Check Details

Version: 0.2.0.3
Check: Rd cross-references
Result: NOTE Found the following Rd file(s) with Rd \link{} targets missing package anchors: displayCodeModal.Rd: icon metaObserve.Rd: observe, req metaReactive.Rd: reactive, req metaRender.Rd: req Please provide package anchors for all Rd \link{} targets not in the package itself and the base packages. Flavors: r-devel-linux-x86_64-debian-clang, r-devel-linux-x86_64-debian-gcc, r-devel-windows-x86_64