CRAN Package Check Results for Package shinycustomloader

Last updated on 2025-05-01 01:49:46 CEST.

Flavor Version Tinstall Tcheck Ttotal Status Flags
r-devel-linux-x86_64-debian-clang 0.9.0 2.53 31.23 33.76 NOTE
r-devel-linux-x86_64-debian-gcc 0.9.0 2.11 23.82 25.93 NOTE
r-devel-linux-x86_64-fedora-clang 0.9.0 55.08 OK
r-devel-linux-x86_64-fedora-gcc 0.9.0 49.55 OK
r-devel-windows-x86_64 0.9.0 4.00 60.00 64.00 OK
r-patched-linux-x86_64 0.9.0 2.48 29.61 32.09 OK
r-release-linux-x86_64 0.9.0 2.83 29.61 32.44 OK
r-release-macos-arm64 0.9.0 25.00 OK
r-release-macos-x86_64 0.9.0 48.00 OK
r-release-windows-x86_64 0.9.0 4.00 64.00 68.00 OK
r-oldrel-macos-arm64 0.9.0 21.00 NOTE
r-oldrel-macos-x86_64 0.9.0 33.00 NOTE
r-oldrel-windows-x86_64 0.9.0 5.00 57.00 62.00 NOTE

Check Details

Version: 0.9.0
Check: CRAN incoming feasibility
Result: NOTE Maintainer: ‘Emi Tanaka <emi.tanaka@sydney.edu.au>’ No Authors@R field in DESCRIPTION. Please add one, modifying Authors@R: c(person(given = "Emi", family = "Tanaka", role = c("aut", "cre"), email = "emi.tanaka@sydney.edu.au"), person(family = "Niichan", role = "aut")) as necessary. Flavors: r-devel-linux-x86_64-debian-clang, r-devel-linux-x86_64-debian-gcc

Version: 0.9.0
Check: LazyData
Result: NOTE 'LazyData' is specified without a 'data' directory Flavors: r-oldrel-macos-arm64, r-oldrel-macos-x86_64, r-oldrel-windows-x86_64