Last updated on 2025-04-15 20:50:25 CEST.
Flavor | Version | Tinstall | Tcheck | Ttotal | Status | Flags |
---|---|---|---|---|---|---|
r-devel-linux-x86_64-debian-clang | 0.9.0 | 9.47 | 78.93 | 88.40 | NOTE | |
r-devel-linux-x86_64-debian-gcc | 0.9.0 | 6.85 | 55.28 | 62.13 | NOTE | |
r-devel-linux-x86_64-fedora-clang | 0.9.0 | 143.87 | NOTE | |||
r-devel-linux-x86_64-fedora-gcc | 0.9.0 | 130.76 | NOTE | |||
r-devel-windows-x86_64 | 0.9.0 | 13.00 | 131.00 | 144.00 | NOTE | |
r-patched-linux-x86_64 | 0.9.0 | 13.18 | 75.37 | 88.55 | NOTE | |
r-release-linux-x86_64 | 0.9.0 | 9.67 | 75.60 | 85.27 | NOTE | |
r-release-macos-arm64 | 0.9.0 | 53.00 | NOTE | |||
r-release-macos-x86_64 | 0.9.0 | 99.00 | NOTE | |||
r-release-windows-x86_64 | 0.9.0 | 15.00 | 129.00 | 144.00 | NOTE | |
r-oldrel-macos-arm64 | 0.9.0 | 47.00 | OK | |||
r-oldrel-macos-x86_64 | 0.9.0 | 89.00 | OK | |||
r-oldrel-windows-x86_64 | 0.9.0 | 18.00 | 145.00 | 163.00 | OK |
Version: 0.9.0
Check: DESCRIPTION meta-information
Result: NOTE
Missing dependency on R >= 4.1.0 because package code uses the pipe
|> or function shorthand \(...) syntax added in R 4.1.0.
File(s) using such syntax:
‘slimSelectInput.Rd’
Flavors: r-devel-linux-x86_64-debian-clang, r-devel-linux-x86_64-debian-gcc, r-devel-linux-x86_64-fedora-clang, r-devel-linux-x86_64-fedora-gcc, r-devel-windows-x86_64, r-patched-linux-x86_64, r-release-linux-x86_64, r-release-macos-arm64, r-release-macos-x86_64, r-release-windows-x86_64