Last updated on 2024-07-02 01:57:22 CEST.
Flavor | Version | Tinstall | Tcheck | Ttotal | Status | Flags |
---|---|---|---|---|---|---|
r-devel-linux-x86_64-debian-clang | 0.8.6 | 9.71 | 65.98 | 75.69 | OK | |
r-devel-linux-x86_64-debian-gcc | 0.8.6 | 7.49 | 48.09 | 55.58 | OK | |
r-devel-linux-x86_64-fedora-clang | 0.8.6 | 92.58 | NOTE | |||
r-devel-linux-x86_64-fedora-gcc | 0.8.6 | 86.78 | NOTE | |||
r-devel-windows-x86_64 | 0.8.6 | 11.00 | 67.00 | 78.00 | OK | |
r-patched-linux-x86_64 | 0.8.6 | 7.46 | 61.32 | 68.78 | OK | |
r-release-linux-x86_64 | 0.8.6 | 10.19 | 59.82 | 70.01 | OK | |
r-release-macos-arm64 | 0.8.6 | 28.00 | OK | |||
r-release-macos-x86_64 | 0.8.6 | 43.00 | OK | |||
r-release-windows-x86_64 | 0.8.6 | 11.00 | 67.00 | 78.00 | OK | |
r-oldrel-macos-arm64 | 0.8.6 | 29.00 | OK | |||
r-oldrel-macos-x86_64 | 0.8.6 | 54.00 | OK | |||
r-oldrel-windows-x86_64 | 0.8.6 | 13.00 | 79.00 | 92.00 | OK |
Version: 0.8.6
Check: data for non-ASCII characters
Result: NOTE
Note: found 2 marked UTF-8 strings
Flavors: r-devel-linux-x86_64-fedora-clang, r-devel-linux-x86_64-fedora-gcc