CRAN Package Check Results for Package shinyMergely

Last updated on 2025-04-30 19:50:16 CEST.

Flavor Version Tinstall Tcheck Ttotal Status Flags
r-devel-linux-x86_64-debian-clang 0.2.0 3.69 28.42 32.11 OK
r-devel-linux-x86_64-debian-gcc 0.2.0 2.78 22.28 25.06 OK
r-devel-linux-x86_64-fedora-clang 0.2.0 54.07 OK
r-devel-linux-x86_64-fedora-gcc 0.2.0 48.85 OK
r-devel-windows-x86_64 0.2.0 8.00 51.00 59.00 OK
r-patched-linux-x86_64 0.2.0 3.50 27.31 30.81 OK
r-release-linux-x86_64 0.2.0 3.26 27.52 30.78 OK
r-release-macos-arm64 0.2.0 24.00 OK
r-release-macos-x86_64 0.2.0 51.00 OK
r-release-windows-x86_64 0.2.0 9.00 48.00 57.00 OK
r-oldrel-macos-arm64 0.2.0 21.00 NOTE
r-oldrel-macos-x86_64 0.2.0 32.00 NOTE
r-oldrel-windows-x86_64 0.2.0 9.00 53.00 62.00 OK

Check Details

Version: 0.2.0
Check: package dependencies
Result: NOTE Package suggested but not available for checking: ‘uchardet’ Flavors: r-oldrel-macos-arm64, r-oldrel-macos-x86_64