Last updated on 2024-06-29 11:49:24 CEST.
Flavor | Version | Tinstall | Tcheck | Ttotal | Status | Flags |
---|---|---|---|---|---|---|
r-devel-linux-x86_64-debian-clang | 0.2.1 | 7.52 | 76.98 | 84.50 | NOTE | |
r-devel-linux-x86_64-debian-gcc | 0.2.1 | 6.27 | 56.65 | 62.92 | NOTE | |
r-devel-linux-x86_64-fedora-clang | 0.2.1 | 111.82 | NOTE | |||
r-devel-linux-x86_64-fedora-gcc | 0.2.1 | 123.98 | NOTE | |||
r-devel-windows-x86_64 | 0.2.1 | 10.00 | 80.00 | 90.00 | NOTE | |
r-patched-linux-x86_64 | 0.2.1 | 14.37 | 71.45 | 85.82 | NOTE | |
r-release-linux-x86_64 | 0.2.1 | 5.24 | 72.49 | 77.73 | NOTE | |
r-release-macos-arm64 | 0.2.1 | 43.00 | NOTE | |||
r-release-macos-x86_64 | 0.2.1 | 63.00 | NOTE | |||
r-release-windows-x86_64 | 0.2.1 | 9.00 | 80.00 | 89.00 | NOTE | |
r-oldrel-macos-arm64 | 0.2.1 | 45.00 | OK | |||
r-oldrel-macos-x86_64 | 0.2.1 | 88.00 | OK | |||
r-oldrel-windows-x86_64 | 0.2.1 | 10.00 | 92.00 | 102.00 | OK |
Version: 0.2.1
Check: Rd files
Result: NOTE
checkRd: (-1) gui-filter-layer.Rd:40: Lost braces in \itemize; meant \describe ?
checkRd: (-1) gui-filter-layer.Rd:41: Lost braces in \itemize; meant \describe ?
checkRd: (-1) gui-filter-layer.Rd:42: Lost braces in \itemize; meant \describe ?
checkRd: (-1) gui-filter-layer.Rd:43: Lost braces in \itemize; meant \describe ?
checkRd: (-1) gui-filter-layer.Rd:44-45: Lost braces in \itemize; meant \describe ?
checkRd: (-1) gui-filter-layer.Rd:46-49: Lost braces in \itemize; meant \describe ?
checkRd: (-1) rendering-step-attrition.Rd:34: Lost braces in \itemize; meant \describe ?
checkRd: (-1) rendering-step-attrition.Rd:35: Lost braces in \itemize; meant \describe ?
checkRd: (-1) source-gui-layer.Rd:22: Lost braces in \itemize; meant \describe ?
checkRd: (-1) source-gui-layer.Rd:23: Lost braces in \itemize; meant \describe ?
checkRd: (-1) source-gui-layer.Rd:24: Lost braces in \itemize; meant \describe ?
checkRd: (-1) source-gui-layer.Rd:25: Lost braces in \itemize; meant \describe ?
checkRd: (-1) source-gui-layer.Rd:26: Lost braces in \itemize; meant \describe ?
checkRd: (-1) source-gui-layer.Rd:27: Lost braces in \itemize; meant \describe ?
checkRd: (-1) trigger-action.Rd:37: Lost braces in \itemize; meant \describe ?
checkRd: (-1) trigger-action.Rd:38: Lost braces in \itemize; meant \describe ?
checkRd: (-1) trigger-action.Rd:39: Lost braces in \itemize; meant \describe ?
checkRd: (-1) trigger-action.Rd:40: Lost braces in \itemize; meant \describe ?
checkRd: (-1) trigger-action.Rd:41: Lost braces in \itemize; meant \describe ?
checkRd: (-1) trigger-action.Rd:42: Lost braces in \itemize; meant \describe ?
checkRd: (-1) trigger-action.Rd:43: Lost braces in \itemize; meant \describe ?
checkRd: (-1) trigger-action.Rd:44: Lost braces in \itemize; meant \describe ?
checkRd: (-1) trigger-action.Rd:45: Lost braces in \itemize; meant \describe ?
checkRd: (-1) trigger-action.Rd:46: Lost braces in \itemize; meant \describe ?
checkRd: (-1) trigger-action.Rd:47: Lost braces in \itemize; meant \describe ?
checkRd: (-1) trigger-action.Rd:48: Lost braces in \itemize; meant \describe ?
Flavors: r-devel-linux-x86_64-debian-clang, r-devel-linux-x86_64-debian-gcc, r-devel-linux-x86_64-fedora-clang, r-devel-linux-x86_64-fedora-gcc, r-devel-windows-x86_64, r-patched-linux-x86_64, r-release-linux-x86_64, r-release-macos-arm64, r-release-macos-x86_64, r-release-windows-x86_64