CRAN Package Check Results for Package shiny

Last updated on 2025-04-30 13:54:29 CEST.

Flavor Version Tinstall Tcheck Ttotal Status Flags
r-devel-linux-x86_64-debian-clang 1.10.0 38.54 158.71 197.25 OK
r-devel-linux-x86_64-debian-gcc 1.10.0 22.93 105.55 128.48 OK
r-devel-linux-x86_64-fedora-clang 1.10.0 318.43 OK
r-devel-linux-x86_64-fedora-gcc 1.10.0 278.39 OK
r-devel-windows-x86_64 1.10.0 37.00 206.00 243.00 OK
r-patched-linux-x86_64 1.10.0 39.19 146.04 185.23 OK
r-release-linux-x86_64 1.10.0 34.10 145.29 179.39 OK
r-release-macos-arm64 1.10.0 95.00 OK
r-release-macos-x86_64 1.10.0 193.00 OK
r-release-windows-x86_64 1.10.0 39.00 200.00 239.00 OK
r-oldrel-macos-arm64 1.10.0 79.00 NOTE
r-oldrel-macos-x86_64 1.10.0 163.00 NOTE
r-oldrel-windows-x86_64 1.10.0 48.00 240.00 288.00 NOTE

Check Details

Version: 1.10.0
Check: installed package size
Result: NOTE installed size is 14.2Mb sub-directories of 1Mb or more: R 2.1Mb www 10.3Mb Flavors: r-oldrel-macos-arm64, r-oldrel-macos-x86_64, r-oldrel-windows-x86_64