Last updated on 2024-06-29 23:50:04 CEST.
Flavor | Version | Tinstall | Tcheck | Ttotal | Status | Flags |
---|---|---|---|---|---|---|
r-devel-linux-x86_64-debian-clang | 1.8.1.1 | 45.20 | 175.97 | 221.17 | OK | |
r-devel-linux-x86_64-debian-gcc | 1.8.1.1 | 32.48 | 128.26 | 160.74 | OK | |
r-devel-linux-x86_64-fedora-clang | 1.8.1.1 | 265.79 | NOTE | |||
r-devel-linux-x86_64-fedora-gcc | 1.8.1.1 | 253.64 | OK | |||
r-devel-windows-x86_64 | 1.8.1.1 | 35.00 | 177.00 | 212.00 | NOTE | |
r-patched-linux-x86_64 | 1.8.1.1 | 54.55 | 165.05 | 219.60 | OK | |
r-release-linux-x86_64 | 1.8.1.1 | 43.31 | 166.82 | 210.13 | OK | |
r-release-macos-arm64 | 1.8.1.1 | 70.00 | NOTE | |||
r-release-macos-x86_64 | 1.8.1.1 | 120.00 | NOTE | |||
r-release-windows-x86_64 | 1.8.1.1 | 38.00 | 175.00 | 213.00 | NOTE | |
r-oldrel-macos-arm64 | 1.8.1.1 | 82.00 | NOTE | |||
r-oldrel-macos-x86_64 | 1.8.1.1 | 178.00 | NOTE | |||
r-oldrel-windows-x86_64 | 1.8.1.1 | 47.00 | 216.00 | 263.00 | NOTE |
Version: 1.8.1.1
Check: installed package size
Result: NOTE
installed size is 13.4Mb
sub-directories of 1Mb or more:
R 1.5Mb
www 10.4Mb
Flavors: r-devel-linux-x86_64-fedora-clang, r-devel-windows-x86_64, r-release-macos-arm64, r-release-macos-x86_64, r-release-windows-x86_64, r-oldrel-macos-arm64, r-oldrel-macos-x86_64, r-oldrel-windows-x86_64