CRAN Package Check Results for Package shelltrace

Last updated on 2025-04-30 07:55:21 CEST.

Flavor Version Tinstall Tcheck Ttotal Status Flags
r-devel-linux-x86_64-debian-clang 3.5.1 20.80 59.62 80.42 NOTE
r-devel-linux-x86_64-debian-gcc 3.5.1 14.49 40.39 54.88 NOTE
r-devel-linux-x86_64-fedora-clang 3.5.1 138.32 OK
r-devel-linux-x86_64-fedora-gcc 3.5.1 124.31 OK
r-devel-windows-x86_64 3.5.1 19.00 90.00 109.00 OK
r-patched-linux-x86_64 3.5.1 22.65 57.10 79.75 OK
r-release-linux-x86_64 3.5.1 19.92 55.25 75.17 OK
r-release-macos-arm64 3.5.1 44.00 OK
r-release-macos-x86_64 3.5.1 114.00 OK
r-release-windows-x86_64 3.5.1 19.00 91.00 110.00 OK
r-oldrel-macos-arm64 3.5.1 42.00 OK
r-oldrel-macos-x86_64 3.5.1 76.00 OK
r-oldrel-windows-x86_64 3.5.1 20.00 99.00 119.00 OK

Check Details

Version: 3.5.1
Check: CRAN incoming feasibility
Result: NOTE Maintainer: ‘Niels J. de Winter <niels.de.winter@vub.be>’ No Authors@R field in DESCRIPTION. Please add one, modifying Authors@R: person(given = c("Niels", "J."), family = "de Winter", role = c("aut", "cre"), email = "niels.de.winter@vub.be") as necessary. Package CITATION file contains call(s) to old-style personList() or as.personList(). Please use c() on person objects instead. Package CITATION file contains call(s) to old-style citEntry(). Please use bibentry() instead. Found the following URLs which should use \doi (with the DOI name only): File ‘BMP.Rd’: https://doi.org/10.5194/gmd-2017-137-supplement File ‘IncG.Rd’: https://doi.org/10.5194/gmd-2017-137-supplement File ‘M_el_mat.Rd’: https://doi.org/10.5194/gmd-2017-137-supplement File ‘M_el_mat_c.Rd’: https://doi.org/10.5194/gmd-2017-137-supplement File ‘O1_input.Rd’: https://doi.org/10.5194/gmd-2017-137-supplement File ‘O1_phase.Rd’: https://doi.org/10.5194/gmd-2017-137-supplement File ‘Oyster_Convert_cross_section.Rd’: https://doi.org/10.5194/gmd-2017-137 https://doi.org/10.5194/gmd-2017-137-supplement File ‘Oyster_Export.Rd’: https://doi.org/10.5194/gmd-2017-137 https://doi.org/10.5194/gmd-2017-137-supplement File ‘Oyster_Mass_gain.Rd’: https://doi.org/10.5194/gmd-2017-137 https://doi.org/10.5194/gmd-2017-137-supplement File ‘Oyster_Shell_height.Rd’: https://doi.org/10.5194/gmd-2017-137 https://doi.org/10.5194/gmd-2017-137-supplement File ‘Oyster_Shell_thickness.Rd’: https://doi.org/10.5194/gmd-2017-137 https://doi.org/10.5194/gmd-2017-137-supplement File ‘Oyster_Volumes.Rd’: https://doi.org/10.5194/gmd-2017-137 https://doi.org/10.5194/gmd-2017-137-supplement File ‘Oyster_Z_matrices.Rd’: https://doi.org/10.5194/gmd-2017-137 https://doi.org/10.5194/gmd-2017-137-supplement File ‘Oyster_accumulation.Rd’: https://doi.org/10.5194/gmd-2017-137 https://doi.org/10.5194/gmd-2017-137-supplement File ‘Oyster_combined_run.Rd’: https://doi.org/10.5194/gmd-2017-137 https://doi.org/10.5194/gmd-2017-137-supplement File ‘Oyster_el_time.Rd’: https://doi.org/10.5194/gmd-2017-137 https://doi.org/10.5194/gmd-2017-137-supplement File ‘Oyster_ellipse_parameters.Rd’: https://doi.org/10.5194/gmd-2017-137 https://doi.org/10.5194/gmd-2017-137-supplement File ‘Oyster_growth_run.Rd’: https://doi.org/10.5194/gmd-2017-137 https://doi.org/10.5194/gmd-2017-137-supplement File ‘Oyster_height.Rd’: https://doi.org/10.5194/gmd-2017-137-supplement File ‘Oyster_import_BMP.Rd’: https://doi.org/10.5194/gmd-2017-137 https://doi.org/10.5194/gmd-2017-137-supplement File ‘Oyster_import_TIF.Rd’: https://doi.org/10.5194/gmd-2017-137 https://doi.org/10.5194/gmd-2017-137-supplement File ‘Oyster_import_phases.Rd’: https://doi.org/10.5194/gmd-2017-137 https://doi.org/10.5194/gmd-2017-137-supplement File ‘Oyster_incr_area.Rd’: https://doi.org/10.5194/gmd-2017-137 https://doi.org/10.5194/gmd-2017-137-supplement File ‘Oyster_incr_cross_section.Rd’: https://doi.org/10.5194/gmd-2017-137 https://doi.org/10.5194/gmd-2017-137-supplement File ‘Oyster_length.Rd’: https://doi.org/10.5194/gmd-2017-137-supplement File ‘Oyster_phase_export.Rd’: https://doi.org/10.5194/gmd-2017-137 https://doi.org/10.5194/gmd-2017-137-supplement File ‘Oyster_phase_matrix_BMP.Rd’: https://doi.org/10.5194/gmd-2017-137 https://doi.org/10.5194/gmd-2017-137-supplement File ‘Oyster_phase_matrix_TIF.Rd’: https://doi.org/10.5194/gmd-2017-137 https://doi.org/10.5194/gmd-2017-137-supplement File ‘Oyster_phase_run.Rd’: https://doi.org/10.5194/gmd-2017-137 https://doi.org/10.5194/gmd-2017-137-supplement File ‘Oyster_phase_stats.Rd’: https://doi.org/10.5194/gmd-2017-137 https://doi.org/10.5194/gmd-2017-137-supplement File ‘Oyster_plot_cross_section.Rd’: https://doi.org/10.5194/gmd-2017-137 https://doi.org/10.5194/gmd-2017-137-supplement File ‘Oyster_plot_incr_CS.Rd’: https://doi.org/10.5194/gmd-2017-137 https://doi.org/10.5194/gmd-2017-137-supplement File ‘Oyster_plot_incr_fill.Rd’: https://doi.org/10.5194/gmd-2017-137 https://doi.org/10.5194/gmd-2017-137-supplement File ‘Oyster_run_sec2.Rd’: https://doi.org/10.5194/gmd-2017-137 https://doi.org/10.5194/gmd-2017-137-supplement File ‘Oyster_run_sec3.Rd’: https://doi.org/10.5194/gmd-2017-137 https://doi.org/10.5194/gmd-2017-137-supplement File ‘Oyster_run_sec4.Rd’: https://doi.org/10.5194/gmd-2017-137 https://doi.org/10.5194/gmd-2017-137-supplement File ‘Oyster_run_sec5.Rd’: https://doi.org/10.5194/gmd-2017-137 https://doi.org/10.5194/gmd-2017-137-supplement File ‘Oyster_run_sec6.Rd’: https://doi.org/10.5194/gmd-2017-137 https://doi.org/10.5194/gmd-2017-137-supplement File ‘Oyster_subincr_area.Rd’: https://doi.org/10.5194/gmd-2017-137 https://doi.org/10.5194/gmd-2017-137-supplement File ‘Oyster_subincr_av_thickness.Rd’: https://doi.org/10.5194/gmd-2017-137 https://doi.org/10.5194/gmd-2017-137-supplement File ‘Oyster_subincr_av_thickness_X.Rd’: https://doi.org/10.5194/gmd-2017-137 https://doi.org/10.5194/gmd-2017-137-supplement File ‘Oyster_subincr_phases.Rd’: https://doi.org/10.5194/gmd-2017-137 https://doi.org/10.5194/gmd-2017-137-supplement File ‘Oyster_subincr_shell_height.Rd’: https://doi.org/10.5194/gmd-2017-137 https://doi.org/10.5194/gmd-2017-137-supplement File ‘ShellTrace-package.Rd’: https://doi.org/10.5194/gmd-2017-137 https://doi.org/10.5194/gmd-2017-137-supplement File ‘TIF.Rd’: https://doi.org/10.5194/gmd-2017-137-supplement File ‘Z_mat.Rd’: https://doi.org/10.5194/gmd-2017-137-supplement File ‘cross_section.Rd’: https://doi.org/10.5194/gmd-2017-137-supplement File ‘el_time.Rd’: https://doi.org/10.5194/gmd-2017-137-supplement File ‘image_length.Rd’: https://doi.org/10.5194/gmd-2017-137-supplement File ‘incr_matrix0.Rd’: https://doi.org/10.5194/gmd-2017-137-supplement File ‘incr_matrix1.Rd’: https://doi.org/10.5194/gmd-2017-137-supplement File ‘incr_matrix2.Rd’: https://doi.org/10.5194/gmd-2017-137-supplement File ‘incr_matrix3.Rd’: https://doi.org/10.5194/gmd-2017-137-supplement File ‘lengthfactor.Rd’: https://doi.org/10.5194/gmd-2017-137-supplement File ‘phase_mat.Rd’: https://doi.org/10.5194/gmd-2017-137-supplement File ‘phase_stat.Rd’: https://doi.org/10.5194/gmd-2017-137-supplement File ‘phasemat.Rd’: https://doi.org/10.5194/gmd-2017-137-supplement File ‘pixelsize.Rd’: https://doi.org/10.5194/gmd-2017-137-supplement File ‘pma.Rd’: https://doi.org/10.5194/gmd-2017-137 https://doi.org/10.5194/gmd-2017-137-supplement File ‘subincr_matrix0.Rd’: https://doi.org/10.5194/gmd-2017-137-supplement File ‘subincr_matrix1.Rd’: https://doi.org/10.5194/gmd-2017-137-supplement File ‘subincr_matrix2.Rd’: https://doi.org/10.5194/gmd-2017-137-supplement File ‘subincr_matrix3.Rd’: https://doi.org/10.5194/gmd-2017-137-supplement File ‘subincr_matrix4.Rd’: https://doi.org/10.5194/gmd-2017-137-supplement File ‘subincr_matrix5.Rd’: https://doi.org/10.5194/gmd-2017-137-supplement File ‘subincr_matrix6.Rd’: https://doi.org/10.5194/gmd-2017-137-supplement Flavors: r-devel-linux-x86_64-debian-clang, r-devel-linux-x86_64-debian-gcc

Version: 3.5.1
Check: examples
Result: NOTE Examples with CPU (user + system) or elapsed time > 5s user system elapsed Oyster_el_time 5.522 0.053 7.046 Flavor: r-devel-linux-x86_64-debian-clang