Last updated on 2025-07-17 05:50:04 CEST.
Flavor | Version | Tinstall | Tcheck | Ttotal | Status | Flags |
---|---|---|---|---|---|---|
r-devel-linux-x86_64-debian-clang | 1.2.7 | 14.77 | 104.50 | 119.27 | NOTE | |
r-devel-linux-x86_64-debian-gcc | 1.2.7 | 9.04 | 69.44 | 78.48 | NOTE | |
r-devel-linux-x86_64-fedora-clang | 1.2.7 | 186.60 | OK | |||
r-devel-linux-x86_64-fedora-gcc | 1.2.7 | 174.57 | OK | |||
r-devel-windows-x86_64 | 1.2.7 | 15.00 | 115.00 | 130.00 | OK | |
r-patched-linux-x86_64 | 1.2.7 | 14.03 | 98.57 | 112.60 | OK | |
r-release-linux-x86_64 | 1.2.7 | 14.20 | 96.54 | 110.74 | OK | |
r-release-macos-arm64 | 1.2.7 | 48.00 | OK | |||
r-release-macos-x86_64 | 1.2.7 | 93.00 | OK | |||
r-release-windows-x86_64 | 1.2.7 | 16.00 | 114.00 | 130.00 | OK | |
r-oldrel-macos-arm64 | 1.2.7 | 46.00 | OK | |||
r-oldrel-macos-x86_64 | 1.2.7 | 73.00 | OK | |||
r-oldrel-windows-x86_64 | 1.2.7 | 21.00 | 140.00 | 161.00 | OK |
Version: 1.2.7
Check: CRAN incoming feasibility
Result: NOTE
Maintainer: ‘Ian Dryden <ian.dryden@nottingham.ac.uk>’
No Authors@R field in DESCRIPTION.
Please add one, modifying
Authors@R: c(person(given = c("Ian", "L."),
family = "Dryden",
role = "aut"),
person(given = "Ian",
family = "Dryden",
role = "cre",
email = "ian.dryden@nottingham.ac.uk"))
as necessary.
Flavors: r-devel-linux-x86_64-debian-clang, r-devel-linux-x86_64-debian-gcc