Last updated on 2025-04-30 13:54:29 CEST.
Flavor | Version | Tinstall | Tcheck | Ttotal | Status | Flags |
---|---|---|---|---|---|---|
r-devel-linux-x86_64-debian-clang | 1.3.1 | 2.44 | 24.65 | 27.09 | NOTE | |
r-devel-linux-x86_64-debian-gcc | 1.3.1 | 1.73 | 19.58 | 21.31 | NOTE | |
r-devel-linux-x86_64-fedora-clang | 1.3.1 | 43.86 | OK | |||
r-devel-linux-x86_64-fedora-gcc | 1.3.1 | 39.16 | OK | |||
r-devel-windows-x86_64 | 1.3.1 | 4.00 | 53.00 | 57.00 | OK | |
r-patched-linux-x86_64 | 1.3.1 | 2.59 | 23.64 | 26.23 | OK | |
r-release-linux-x86_64 | 1.3.1 | 2.18 | 23.70 | 25.88 | OK | |
r-release-macos-arm64 | 1.3.1 | 17.00 | OK | |||
r-release-macos-x86_64 | 1.3.1 | 29.00 | OK | |||
r-release-windows-x86_64 | 1.3.1 | 4.00 | 50.00 | 54.00 | OK | |
r-oldrel-macos-arm64 | 1.3.1 | 17.00 | OK | |||
r-oldrel-macos-x86_64 | 1.3.1 | 25.00 | OK | |||
r-oldrel-windows-x86_64 | 1.3.1 | 3.00 | 50.00 | 53.00 | OK |
Version: 1.3.1
Check: CRAN incoming feasibility
Result: NOTE
Maintainer: ‘Massimiliano Pastore <massimiliano.pastore@unipd.it>’
No Authors@R field in DESCRIPTION.
Please add one, modifying
Authors@R: c(person(given = c("Massimiliano", "Pastore", "&", "Luigi"),
family = "Lombardi",
role = "aut"),
person(given = "Massimiliano",
family = "Pastore",
role = "cre",
email = "massimiliano.pastore@unipd.it"))
as necessary.
Package CITATION file contains call(s) to old-style citEntry(). Please
use bibentry() instead.
Flavors: r-devel-linux-x86_64-debian-clang, r-devel-linux-x86_64-debian-gcc