Last updated on 2025-10-31 14:49:53 CET.
| Flavor | Version | Tinstall | Tcheck | Ttotal | Status | Flags | 
|---|---|---|---|---|---|---|
| r-devel-linux-x86_64-debian-clang | 0.2.2 | 18.86 | 151.41 | 170.27 | NOTE | |
| r-devel-linux-x86_64-debian-gcc | 0.2.2 | 12.33 | 112.48 | 124.81 | NOTE | |
| r-devel-linux-x86_64-fedora-clang | 0.2.2 | 43.00 | 219.89 | 262.89 | OK | |
| r-devel-linux-x86_64-fedora-gcc | 0.2.2 | 47.00 | 202.95 | 249.95 | OK | |
| r-devel-windows-x86_64 | 0.2.2 | 19.00 | 138.00 | 157.00 | OK | |
| r-patched-linux-x86_64 | 0.2.2 | 17.30 | 137.61 | 154.91 | OK | |
| r-release-linux-x86_64 | 0.2.2 | 17.44 | 139.12 | 156.56 | OK | |
| r-release-macos-arm64 | 0.2.2 | 12.00 | 83.00 | 95.00 | OK | |
| r-release-macos-x86_64 | 0.2.2 | 21.00 | 156.00 | 177.00 | OK | |
| r-release-windows-x86_64 | 0.2.2 | 17.00 | 137.00 | 154.00 | OK | |
| r-oldrel-macos-arm64 | 0.2.2 | 11.00 | 68.00 | 79.00 | OK | |
| r-oldrel-macos-x86_64 | 0.2.2 | 12.00 | 84.00 | 96.00 | OK | |
| r-oldrel-windows-x86_64 | 0.2.2 | 23.00 | 182.00 | 205.00 | OK | 
Version: 0.2.2
Check: CRAN incoming feasibility
Result: NOTE
  Maintainer: ‘Carlos Alberto Cardozo Delgado <cardozorpackages@gmail.com>’
  
  No Authors@R field in DESCRIPTION.
  Please add one, modifying
    Authors@R: c(person(given = c("Carlos", "Alberto", "Cardozo"),
                        family = "Delgado",
                        role = c("aut", "cre"),
                        email = "cardozorpackages@gmail.com"),
                 person(given = "G.",
                        family = "Paula",
                        role = "aut"),
                 person(given = "L.",
                        family = "Vanegas",
                        role = "aut"))
  as necessary.
Flavors: r-devel-linux-x86_64-debian-clang, r-devel-linux-x86_64-debian-gcc