CRAN Package Check Results for Package sfo

Last updated on 2025-04-29 13:51:40 CEST.

Flavor Version Tinstall Tcheck Ttotal Status Flags
r-devel-linux-x86_64-debian-clang 0.1.2 4.76 35.51 40.27 OK
r-devel-linux-x86_64-debian-gcc 0.1.2 3.10 28.03 31.13 OK
r-devel-linux-x86_64-fedora-clang 0.1.2 63.78 OK
r-devel-linux-x86_64-fedora-gcc 0.1.2 72.15 OK
r-devel-windows-x86_64 0.1.2 5.00 56.00 61.00 OK
r-patched-linux-x86_64 0.1.2 4.74 33.43 38.17 OK
r-release-linux-x86_64 0.1.2 4.34 32.57 36.91 OK
r-release-macos-arm64 0.1.2 33.00 OK
r-release-macos-x86_64 0.1.2 59.00 OK
r-release-windows-x86_64 0.1.2 6.00 57.00 63.00 OK
r-oldrel-macos-arm64 0.1.2 31.00 NOTE
r-oldrel-macos-x86_64 0.1.2 64.00 NOTE
r-oldrel-windows-x86_64 0.1.2 7.00 65.00 72.00 NOTE

Check Details

Version: 0.1.2
Check: installed package size
Result: NOTE installed size is 5.8Mb sub-directories of 1Mb or more: doc 5.1Mb Flavors: r-oldrel-macos-arm64, r-oldrel-macos-x86_64, r-oldrel-windows-x86_64