Last updated on 2025-07-20 20:48:41 CEST.
Flavor | Version | Tinstall | Tcheck | Ttotal | Status | Flags |
---|---|---|---|---|---|---|
r-devel-linux-x86_64-debian-clang | 1.0.1 | 65.38 | 217.62 | 283.00 | OK | |
r-devel-linux-x86_64-debian-gcc | 1.0.1 | 44.11 | 149.03 | 193.14 | OK | |
r-devel-linux-x86_64-fedora-clang | 1.0.1 | 440.95 | OK | |||
r-devel-linux-x86_64-fedora-gcc | 1.0.1 | 415.25 | OK | |||
r-devel-windows-x86_64 | 1.0.1 | 76.00 | 212.00 | 288.00 | OK | |
r-patched-linux-x86_64 | 1.0.1 | 62.91 | 187.54 | 250.45 | OK | |
r-release-linux-x86_64 | 1.0.1 | 62.77 | 188.82 | 251.59 | OK | |
r-release-macos-arm64 | 1.0.1 | 111.00 | OK | |||
r-release-macos-x86_64 | 1.0.1 | 208.00 | OK | |||
r-release-windows-x86_64 | 1.0.1 | 73.00 | 206.00 | 279.00 | OK | |
r-oldrel-macos-arm64 | 1.0.1 | 114.00 | NOTE | |||
r-oldrel-macos-x86_64 | 1.0.1 | 195.00 | NOTE | |||
r-oldrel-windows-x86_64 | 1.0.1 | 93.00 | 278.00 | 371.00 | NOTE |
Version: 1.0.1
Check: installed package size
Result: NOTE
installed size is 7.7Mb
sub-directories of 1Mb or more:
data 2.3Mb
libs 4.2Mb
Flavors: r-oldrel-macos-arm64, r-oldrel-macos-x86_64
Version: 1.0.1
Check: for GNU extensions in Makefiles
Result: NOTE
GNU make is a SystemRequirements.
Flavors: r-oldrel-macos-arm64, r-oldrel-macos-x86_64, r-oldrel-windows-x86_64