Last updated on 2024-06-29 11:49:24 CEST.
Flavor | Version | Tinstall | Tcheck | Ttotal | Status | Flags |
---|---|---|---|---|---|---|
r-devel-linux-x86_64-debian-clang | 1.0 | 1.78 | 23.54 | 25.32 | OK | |
r-devel-linux-x86_64-debian-gcc | 1.0 | 1.65 | 17.74 | 19.39 | OK | |
r-devel-linux-x86_64-fedora-clang | 1.0 | 32.11 | NOTE | |||
r-devel-linux-x86_64-fedora-gcc | 1.0 | 30.11 | NOTE | |||
r-devel-windows-x86_64 | 1.0 | 3.00 | 38.00 | 41.00 | OK | |
r-patched-linux-x86_64 | 1.0 | 2.27 | 22.19 | 24.46 | OK | |
r-release-linux-x86_64 | 1.0 | 2.23 | 22.56 | 24.79 | OK | |
r-release-macos-arm64 | 1.0 | 14.00 | OK | |||
r-release-macos-x86_64 | 1.0 | 21.00 | OK | |||
r-release-windows-x86_64 | 1.0 | 3.00 | 38.00 | 41.00 | OK | |
r-oldrel-macos-arm64 | 1.0 | 17.00 | OK | |||
r-oldrel-macos-x86_64 | 1.0 | 20.00 | OK | |||
r-oldrel-windows-x86_64 | 1.0 | 2.00 | 40.00 | 42.00 | OK |
Version: 1.0
Check: dependencies in R code
Result: NOTE
Namespace in Imports field not imported from: ‘MASS’
All declared Imports should be used.
Flavors: r-devel-linux-x86_64-fedora-clang, r-devel-linux-x86_64-fedora-gcc