Last updated on 2025-04-29 19:50:46 CEST.
Flavor | Version | Tinstall | Tcheck | Ttotal | Status | Flags |
---|---|---|---|---|---|---|
r-devel-linux-x86_64-debian-clang | 0.2.0 | 8.99 | 51.55 | 60.54 | NOTE | --no-vignettes |
r-devel-linux-x86_64-debian-gcc | 0.2.0 | 7.64 | 38.22 | 45.86 | NOTE | --no-vignettes |
r-devel-linux-x86_64-fedora-clang | 0.2.0 | 617.94 | OK | |||
r-devel-linux-x86_64-fedora-gcc | 0.2.0 | 588.47 | OK | |||
r-devel-windows-x86_64 | 0.2.0 | 15.00 | 347.00 | 362.00 | OK | |
r-patched-linux-x86_64 | 0.2.0 | 10.93 | 48.51 | 59.44 | OK | --no-vignettes |
r-release-linux-x86_64 | 0.2.0 | 11.15 | 48.45 | 59.60 | OK | --no-vignettes |
r-release-macos-arm64 | 0.2.0 | 204.00 | OK | |||
r-release-macos-x86_64 | 0.2.0 | 398.00 | OK | |||
r-release-windows-x86_64 | 0.2.0 | 14.00 | 327.00 | 341.00 | OK | |
r-oldrel-macos-arm64 | 0.2.0 | 191.00 | OK | |||
r-oldrel-macos-x86_64 | 0.2.0 | 388.00 | OK | |||
r-oldrel-windows-x86_64 | 0.2.0 | 17.00 | 506.00 | 523.00 | OK |
Version: 0.2.0
Flags: --no-vignettes
Check: CRAN incoming feasibility
Result: NOTE
Maintainer: ‘Thales Mello <thalesmello@gmail.com>’
The Description field contains
Leonardi (2018) <arXiv:1501.01756>. The Berlin weather sample dataset
Please refer to arXiv e-prints via their arXiv DOI <doi:10.48550/arXiv.YYMM.NNNNN>.
Flavors: r-devel-linux-x86_64-debian-clang, r-devel-linux-x86_64-debian-gcc