Last updated on 2025-04-30 07:55:21 CEST.
Flavor | Version | Tinstall | Tcheck | Ttotal | Status | Flags |
---|---|---|---|---|---|---|
r-devel-linux-x86_64-debian-clang | 0.1.2 | 17.96 | 85.27 | 103.23 | NOTE | |
r-devel-linux-x86_64-debian-gcc | 0.1.2 | 11.92 | 63.71 | 75.63 | NOTE | |
r-devel-linux-x86_64-fedora-clang | 0.1.2 | 191.59 | OK | |||
r-devel-linux-x86_64-fedora-gcc | 0.1.2 | 179.47 | OK | |||
r-devel-windows-x86_64 | 0.1.2 | 20.00 | 126.00 | 146.00 | OK | |
r-patched-linux-x86_64 | 0.1.2 | 18.98 | 82.29 | 101.27 | OK | |
r-release-linux-x86_64 | 0.1.2 | 17.66 | 82.09 | 99.75 | OK | |
r-release-macos-arm64 | 0.1.2 | 82.00 | OK | |||
r-release-macos-x86_64 | 0.1.2 | 124.00 | OK | |||
r-release-windows-x86_64 | 0.1.2 | 20.00 | 127.00 | 147.00 | OK | |
r-oldrel-macos-arm64 | 0.1.2 | 54.00 | OK | |||
r-oldrel-macos-x86_64 | 0.1.2 | 76.00 | OK | |||
r-oldrel-windows-x86_64 | 0.1.2 | 18.00 | 148.00 | 166.00 | OK |
Version: 0.1.2
Check: CRAN incoming feasibility
Result: NOTE
Maintainer: ‘Rainer Machne <raim@tbi.univie.ac.at>’
No Authors@R field in DESCRIPTION.
Please add one, modifying
Authors@R: c(person(given = "Rainer",
family = "Machne",
role = c("aut", "cre"),
email = "raim@tbi.univie.ac.at"),
person(given = c("Douglas", "B."),
family = "Murray",
role = "aut"),
person(given = c("Peter", "F."),
family = "Stadler",
role = "aut"))
as necessary.
Flavors: r-devel-linux-x86_64-debian-clang, r-devel-linux-x86_64-debian-gcc
Version: 0.1.2
Check: examples
Result: NOTE
Examples with CPU (user + system) or elapsed time > 5s
user system elapsed
segmentClusters 7.876 0.038 10.091
segmentCluster.batch 5.163 0.015 6.575
Flavor: r-devel-linux-x86_64-debian-clang
Version: 0.1.2
Check: examples
Result: NOTE
Examples with CPU (user + system) or elapsed time > 5s
user system elapsed
segmentClusters 5.757 0.019 7.341
Flavor: r-devel-linux-x86_64-debian-gcc