Last updated on 2025-04-29 19:50:46 CEST.
Flavor | Version | Tinstall | Tcheck | Ttotal | Status | Flags |
---|---|---|---|---|---|---|
r-devel-linux-x86_64-debian-clang | 1.3.3 | 8.46 | 119.25 | 127.71 | NOTE | |
r-devel-linux-x86_64-debian-gcc | 1.3.3 | 5.42 | 87.38 | 92.80 | NOTE | |
r-devel-linux-x86_64-fedora-clang | 1.3.3 | 191.75 | OK | |||
r-devel-linux-x86_64-fedora-gcc | 1.3.3 | 194.43 | OK | |||
r-devel-windows-x86_64 | 1.3.3 | 10.00 | 146.00 | 156.00 | OK | |
r-patched-linux-x86_64 | 1.3.3 | 8.49 | 108.45 | 116.94 | OK | |
r-release-linux-x86_64 | 1.3.3 | 8.09 | 108.52 | 116.61 | OK | |
r-release-macos-arm64 | 1.3.3 | 70.00 | OK | |||
r-release-macos-x86_64 | 1.3.3 | 119.00 | OK | |||
r-release-windows-x86_64 | 1.3.3 | 8.00 | 149.00 | 157.00 | OK | |
r-oldrel-macos-arm64 | 1.3.3 | 71.00 | OK | |||
r-oldrel-macos-x86_64 | 1.3.3 | 115.00 | OK | |||
r-oldrel-windows-x86_64 | 1.3.3 | 12.00 | 166.00 | 178.00 | OK |
Version: 1.3.3
Check: examples
Result: NOTE
Examples with CPU (user + system) or elapsed time > 5s
user system elapsed
diff_secuTrial 2.761 0.113 6.014
Flavor: r-devel-linux-x86_64-debian-clang
Version: 1.3.3
Check: examples
Result: NOTE
Examples with CPU (user + system) or elapsed time > 5s
user system elapsed
diff_secuTrial 2.051 0.252 6.185
Flavor: r-devel-linux-x86_64-debian-gcc