Last updated on 2025-05-20 20:51:21 CEST.
Flavor | Version | Tinstall | Tcheck | Ttotal | Status | Flags |
---|---|---|---|---|---|---|
r-devel-linux-x86_64-debian-clang | 1.2.4 | 31.74 | 365.24 | 396.98 | OK | |
r-devel-linux-x86_64-debian-gcc | 1.2.4 | 21.65 | 241.55 | 263.20 | OK | |
r-devel-linux-x86_64-fedora-clang | 1.2.4 | 640.37 | OK | |||
r-devel-linux-x86_64-fedora-gcc | 1.2.4 | 628.10 | OK | |||
r-devel-windows-x86_64 | 1.2.4 | 33.00 | 346.00 | 379.00 | OK | |
r-patched-linux-x86_64 | 1.2.4 | 30.93 | 342.66 | 373.59 | OK | |
r-release-linux-x86_64 | 1.2.4 | 32.16 | 344.77 | 376.93 | OK | |
r-release-macos-arm64 | 1.2.4 | 163.00 | ERROR | |||
r-release-macos-x86_64 | 1.2.4 | 358.00 | ERROR | |||
r-release-windows-x86_64 | 1.2.4 | 32.00 | 328.00 | 360.00 | OK | |
r-oldrel-macos-arm64 | 1.2.4 | 136.00 | OK | |||
r-oldrel-macos-x86_64 | 1.2.4 | 280.00 | OK | |||
r-oldrel-windows-x86_64 | 1.2.4 | 43.00 | 432.00 | 475.00 | OK |
Version: 1.2.4
Check: re-building of vignette outputs
Result: ERROR
Error(s) in re-building vignettes:
--- re-building ‘secrlinear-vignette.Rmd’ using rmarkdown
Quitting from secrlinear-vignette.Rmd:584-611 [secrdesign]
~~~~~~~~~~~~~~~~~~~~~~~~~~~~~~~~~~~~~~~~~~~~~~~~~~~~~~~~~~~~~~~~~~~~~~~~~~~~~~~~
<error/rlang_error>
Error in `library()`:
! there is no package called 'secrdesign'
---
Backtrace:
x
1. \-base::library(secrdesign)
~~~~~~~~~~~~~~~~~~~~~~~~~~~~~~~~~~~~~~~~~~~~~~~~~~~~~~~~~~~~~~~~~~~~~~~~~~~~~~~~
Error: processing vignette 'secrlinear-vignette.Rmd' failed with diagnostics:
there is no package called 'secrdesign'
--- failed re-building ‘secrlinear-vignette.Rmd’
SUMMARY: processing the following file failed:
‘secrlinear-vignette.Rmd’
Error: Vignette re-building failed.
Execution halted
Flavor: r-release-macos-arm64
Version: 1.2.4
Check: re-building of vignette outputs
Result: ERROR
Error(s) in re-building vignettes:
--- re-building ‘secrlinear-vignette.Rmd’ using rmarkdown
Quitting from secrlinear-vignette.Rmd:584-611 [secrdesign]
~~~~~~~~~~~~~~~~~~~~~~~~~~~~~~~~~~~~~~~~~~~~~~~~~~~~~~~~~~~~~~~~~~~~~~~~~~~~~~~~
<error/rlang_error>
Error in `desc$Version`:
! $ operator is invalid for atomic vectors
---
Backtrace:
x
1. \-secrdesign::run.scenarios(...)
2. \-secrdesign (local) makeoutput(output, scenarios)
3. \-base::paste("secrdesign", desc$Version)
~~~~~~~~~~~~~~~~~~~~~~~~~~~~~~~~~~~~~~~~~~~~~~~~~~~~~~~~~~~~~~~~~~~~~~~~~~~~~~~~
Error: processing vignette 'secrlinear-vignette.Rmd' failed with diagnostics:
$ operator is invalid for atomic vectors
--- failed re-building ‘secrlinear-vignette.Rmd’
SUMMARY: processing the following file failed:
‘secrlinear-vignette.Rmd’
Error: Vignette re-building failed.
Execution halted
Flavor: r-release-macos-x86_64