Last updated on 2024-06-29 11:49:24 CEST.
Flavor | Version | Tinstall | Tcheck | Ttotal | Status | Flags |
---|---|---|---|---|---|---|
r-devel-linux-x86_64-debian-clang | 0.6-0 | 7.20 | 70.57 | 77.77 | NOTE | |
r-devel-linux-x86_64-debian-gcc | 0.6-0 | 6.45 | 52.12 | 58.57 | NOTE | |
r-devel-linux-x86_64-fedora-clang | 0.6-0 | 97.95 | NOTE | |||
r-devel-linux-x86_64-fedora-gcc | 0.6-0 | 93.69 | NOTE | |||
r-devel-windows-x86_64 | 0.6-0 | 9.00 | 89.00 | 98.00 | NOTE | |
r-patched-linux-x86_64 | 0.6-0 | 9.23 | 67.30 | 76.53 | NOTE | |
r-release-linux-x86_64 | 0.6-0 | 9.50 | 69.61 | 79.11 | NOTE | |
r-release-macos-arm64 | 0.6-0 | 30.00 | NOTE | |||
r-release-macos-x86_64 | 0.6-0 | 45.00 | NOTE | |||
r-release-windows-x86_64 | 0.6-0 | 10.00 | 88.00 | 98.00 | NOTE | |
r-oldrel-macos-arm64 | 0.6-0 | 30.00 | OK | |||
r-oldrel-macos-x86_64 | 0.6-0 | 47.00 | OK | |||
r-oldrel-windows-x86_64 | 0.6-0 | 9.00 | 98.00 | 107.00 | OK |
Version: 0.6-0
Check: Rd files
Result: NOTE
checkRd: (-1) seas.check.Rd:48-49: Lost braces in \itemize; meant \describe ?
checkRd: (-1) seas.check.Rd:50: Lost braces in \itemize; meant \describe ?
checkRd: (-1) seas.check.Rd:51: Lost braces in \itemize; meant \describe ?
checkRd: (-1) seas.check.Rd:52-54: Lost braces in \itemize; meant \describe ?
checkRd: (-1) seas.check.Rd:55: Lost braces in \itemize; meant \describe ?
checkRd: (-1) seas.check.Rd:56: Lost braces in \itemize; meant \describe ?
checkRd: (-1) seas.check.Rd:57: Lost braces in \itemize; meant \describe ?
checkRd: (-1) seas.check.Rd:58: Lost braces in \itemize; meant \describe ?
Flavors: r-devel-linux-x86_64-debian-clang, r-devel-linux-x86_64-debian-gcc, r-devel-linux-x86_64-fedora-clang, r-devel-linux-x86_64-fedora-gcc, r-devel-windows-x86_64, r-patched-linux-x86_64, r-release-linux-x86_64, r-release-macos-arm64, r-release-macos-x86_64, r-release-windows-x86_64
Version: 0.6-0
Check: data for non-ASCII characters
Result: NOTE
Note: found 3 marked UTF-8 strings
Flavors: r-devel-linux-x86_64-fedora-clang, r-devel-linux-x86_64-fedora-gcc