Last updated on 2025-04-29 19:50:46 CEST.
Flavor | Version | Tinstall | Tcheck | Ttotal | Status | Flags |
---|---|---|---|---|---|---|
r-devel-linux-x86_64-debian-clang | 0.1.1 | 5.81 | 131.85 | 137.66 | NOTE | |
r-devel-linux-x86_64-debian-gcc | 0.1.1 | 3.76 | 93.60 | 97.36 | OK | |
r-devel-linux-x86_64-fedora-clang | 0.1.1 | 214.12 | OK | |||
r-devel-linux-x86_64-fedora-gcc | 0.1.1 | 212.84 | OK | |||
r-devel-windows-x86_64 | 0.1.1 | 8.00 | 139.00 | 147.00 | OK | |
r-patched-linux-x86_64 | 0.1.1 | 6.04 | 123.59 | 129.63 | OK | |
r-release-linux-x86_64 | 0.1.1 | 6.13 | 121.29 | 127.42 | OK | |
r-release-macos-arm64 | 0.1.1 | 67.00 | OK | |||
r-release-macos-x86_64 | 0.1.1 | 140.00 | OK | |||
r-release-windows-x86_64 | 0.1.1 | 9.00 | 139.00 | 148.00 | OK | |
r-oldrel-macos-arm64 | 0.1.1 | 222.00 | OK | |||
r-oldrel-macos-x86_64 | 0.1.1 | 263.00 | OK | |||
r-oldrel-windows-x86_64 | 0.1.1 | 11.00 | 170.00 | 181.00 | OK |
Version: 0.1.1
Check: examples
Result: NOTE
Examples with CPU (user + system) or elapsed time > 5s
user system elapsed
create_iso8601 4.966 0.059 5.956
Flavor: r-devel-linux-x86_64-debian-clang