Last updated on 2024-06-29 11:49:23 CEST.
Flavor | Version | Tinstall | Tcheck | Ttotal | Status | Flags |
---|---|---|---|---|---|---|
r-devel-linux-x86_64-debian-clang | 0.4.1 | 47.33 | 129.44 | 176.77 | OK | |
r-devel-linux-x86_64-debian-gcc | 0.4.1 | 39.15 | 93.88 | 133.03 | OK | |
r-devel-linux-x86_64-fedora-clang | 0.4.1 | 237.01 | OK | |||
r-devel-linux-x86_64-fedora-gcc | 0.4.1 | 234.73 | OK | |||
r-devel-windows-x86_64 | 0.4.1 | 44.00 | 126.00 | 170.00 | OK | |
r-patched-linux-x86_64 | 0.4.1 | 47.60 | 123.90 | 171.50 | OK | |
r-release-linux-x86_64 | 0.4.1 | 44.87 | 123.36 | 168.23 | OK | |
r-release-macos-arm64 | 0.4.1 | 56.00 | NOTE | |||
r-release-macos-x86_64 | 0.4.1 | 88.00 | OK | |||
r-release-windows-x86_64 | 0.4.1 | 45.00 | 130.00 | 175.00 | OK | |
r-oldrel-macos-arm64 | 0.4.1 | 62.00 | NOTE | |||
r-oldrel-macos-x86_64 | 0.4.1 | 128.00 | NOTE | |||
r-oldrel-windows-x86_64 | 0.4.1 | 55.00 | 160.00 | 215.00 | OK |
Version: 0.4.1
Check: package dependencies
Result: NOTE
Package which this enhances but not available for checking: ‘glmGamPoi’
Flavors: r-release-macos-arm64, r-oldrel-macos-arm64, r-oldrel-macos-x86_64