Last updated on 2025-04-30 19:50:15 CEST.
Flavor | Version | Tinstall | Tcheck | Ttotal | Status | Flags |
---|---|---|---|---|---|---|
r-devel-linux-x86_64-debian-clang | 2.1.0 | 11.39 | 235.65 | 247.04 | NOTE | |
r-devel-linux-x86_64-debian-gcc | 2.1.0 | 6.65 | 171.29 | 177.94 | OK | |
r-devel-linux-x86_64-fedora-clang | 2.1.0 | 367.76 | OK | |||
r-devel-linux-x86_64-fedora-gcc | 2.1.0 | 377.67 | OK | |||
r-devel-windows-x86_64 | 2.1.0 | 14.00 | 202.00 | 216.00 | OK | |
r-patched-linux-x86_64 | 2.1.0 | 13.16 | 210.17 | 223.33 | OK | |
r-release-linux-x86_64 | 2.1.0 | 10.85 | 212.85 | 223.70 | OK | |
r-release-macos-arm64 | 2.1.0 | 93.00 | OK | |||
r-release-macos-x86_64 | 2.1.0 | 172.00 | OK | |||
r-release-windows-x86_64 | 2.1.0 | 15.00 | 208.00 | 223.00 | OK | |
r-oldrel-macos-arm64 | 2.1.0 | 97.00 | OK | |||
r-oldrel-macos-x86_64 | 2.1.0 | 170.00 | OK | |||
r-oldrel-windows-x86_64 | 2.1.0 | 17.00 | 257.00 | 274.00 | OK |
Version: 2.1.0
Check: examples
Result: NOTE
Examples with CPU (user + system) or elapsed time > 5s
user system elapsed
transform_forecasts 9.02 0.306 5.705
Flavor: r-devel-linux-x86_64-debian-clang
Version: 2.1.0
Check: examples
Result: NA
user system elapsed
transform_forecasts 7.744 0.012 7.697
OK
Flavor: r-devel-linux-x86_64-debian-gcc