Last updated on 2025-04-30 13:54:29 CEST.
Flavor | Version | Tinstall | Tcheck | Ttotal | Status | Flags |
---|---|---|---|---|---|---|
r-devel-linux-x86_64-debian-clang | 0.1.1 | 149.27 | 239.01 | 388.28 | OK | |
r-devel-linux-x86_64-debian-gcc | 0.1.1 | 115.92 | 171.04 | 286.96 | OK | |
r-devel-linux-x86_64-fedora-clang | 0.1.1 | 675.55 | OK | |||
r-devel-linux-x86_64-fedora-gcc | 0.1.1 | 698.69 | OK | |||
r-devel-windows-x86_64 | 0.1.1 | 235.00 | 270.00 | 505.00 | OK | |
r-patched-linux-x86_64 | 0.1.1 | 157.51 | 232.55 | 390.06 | OK | |
r-release-linux-x86_64 | 0.1.1 | 157.76 | 230.16 | 387.92 | OK | |
r-release-macos-arm64 | 0.1.1 | 209.00 | OK | |||
r-release-macos-x86_64 | 0.1.1 | 325.00 | OK | |||
r-release-windows-x86_64 | 0.1.1 | 241.00 | 267.00 | 508.00 | OK | |
r-oldrel-macos-arm64 | 0.1.1 | 199.00 | NOTE | |||
r-oldrel-macos-x86_64 | 0.1.1 | 363.00 | NOTE | |||
r-oldrel-windows-x86_64 | 0.1.1 | 250.00 | 327.00 | 577.00 | NOTE |
Version: 0.1.1
Check: installed package size
Result: NOTE
installed size is 31.7Mb
sub-directories of 1Mb or more:
cppad 9.4Mb
include 4.6Mb
libs 17.1Mb
Flavors: r-oldrel-macos-arm64, r-oldrel-macos-x86_64, r-oldrel-windows-x86_64