Last updated on 2025-07-21 08:50:16 CEST.
Flavor | Version | Tinstall | Tcheck | Ttotal | Status | Flags |
---|---|---|---|---|---|---|
r-devel-linux-x86_64-debian-clang | 1.2.0 | 36.70 | 114.43 | 151.13 | OK | |
r-devel-linux-x86_64-debian-gcc | 1.2.0 | 27.60 | 80.95 | 108.55 | OK | |
r-devel-linux-x86_64-fedora-clang | 1.2.0 | 254.46 | NOTE | |||
r-devel-linux-x86_64-fedora-gcc | 1.2.0 | 228.14 | NOTE | |||
r-devel-windows-x86_64 | 1.2.0 | 43.00 | 127.00 | 170.00 | OK | |
r-patched-linux-x86_64 | 1.2.0 | 34.99 | 107.39 | 142.38 | OK | |
r-release-linux-x86_64 | 1.2.0 | 34.96 | 107.74 | 142.70 | OK | |
r-release-macos-arm64 | 1.2.0 | 54.00 | OK | |||
r-release-macos-x86_64 | 1.2.0 | 132.00 | OK | |||
r-release-windows-x86_64 | 1.2.0 | 46.00 | 126.00 | 172.00 | OK | |
r-oldrel-macos-arm64 | 1.2.0 | 39.00 | NOTE | |||
r-oldrel-macos-x86_64 | 1.2.0 | 66.00 | NOTE | |||
r-oldrel-windows-x86_64 | 1.2.0 | 54.00 | 170.00 | 224.00 | NOTE |
Version: 1.2.0
Check: dependencies in R code
Result: NOTE
Namespace in Imports field not imported from: ‘Rcpp’
All declared Imports should be used.
Flavors: r-devel-linux-x86_64-fedora-clang, r-devel-linux-x86_64-fedora-gcc
Version: 1.2.0
Check: for GNU extensions in Makefiles
Result: NOTE
GNU make is a SystemRequirements.
Flavors: r-oldrel-macos-arm64, r-oldrel-macos-x86_64, r-oldrel-windows-x86_64