CRAN Package Check Results for Package scTenifoldNet

Last updated on 2025-04-29 19:50:46 CEST.

Flavor Version Tinstall Tcheck Ttotal Status Flags
r-devel-linux-x86_64-debian-clang 1.3 6.87 73.50 80.37 NOTE
r-devel-linux-x86_64-debian-gcc 1.3 5.47 57.34 62.81 NOTE
r-devel-linux-x86_64-fedora-clang 1.3 125.76 OK
r-devel-linux-x86_64-fedora-gcc 1.3 124.34 OK
r-devel-windows-x86_64 1.3 7.00 88.00 95.00 OK
r-patched-linux-x86_64 1.3 7.00 72.94 79.94 OK
r-release-linux-x86_64 1.3 6.91 73.48 80.39 OK
r-release-macos-arm64 1.3 49.00 OK
r-release-macos-x86_64 1.3 82.00 OK
r-release-windows-x86_64 1.3 8.00 93.00 101.00 OK
r-oldrel-macos-arm64 1.3 46.00 OK
r-oldrel-macos-x86_64 1.3 67.00 OK
r-oldrel-windows-x86_64 1.3 9.00 103.00 112.00 OK

Check Details

Version: 1.3
Check: CRAN incoming feasibility
Result: NOTE Maintainer: ‘Daniel Osorio <dcosorioh@utexas.edu>’ Package CITATION file contains call(s) to old-style personList() or as.personList(). Please use c() on person objects instead. Package CITATION file contains call(s) to old-style citEntry(). Please use bibentry() instead. Flavors: r-devel-linux-x86_64-debian-clang, r-devel-linux-x86_64-debian-gcc