Last updated on 2024-06-29 11:49:23 CEST.
Flavor | Version | Tinstall | Tcheck | Ttotal | Status | Flags |
---|---|---|---|---|---|---|
r-devel-linux-x86_64-debian-clang | 0.5.0 | 124.01 | 174.07 | 298.08 | NOTE | |
r-devel-linux-x86_64-debian-gcc | 0.5.0 | 89.52 | 129.05 | 218.57 | NOTE | |
r-devel-linux-x86_64-fedora-clang | 0.5.0 | 424.25 | NOTE | |||
r-devel-linux-x86_64-fedora-gcc | 0.5.0 | 428.94 | NOTE | |||
r-devel-windows-x86_64 | 0.5.0 | 97.00 | 159.00 | 256.00 | NOTE | |
r-patched-linux-x86_64 | 0.5.0 | 100.96 | 165.89 | 266.85 | NOTE | |
r-release-linux-x86_64 | 0.5.0 | 79.27 | 166.30 | 245.57 | NOTE | |
r-release-macos-arm64 | 0.5.0 | 106.00 | NOTE | |||
r-release-macos-x86_64 | 0.5.0 | 154.00 | NOTE | |||
r-release-windows-x86_64 | 0.5.0 | 102.00 | 157.00 | 259.00 | NOTE | |
r-oldrel-macos-arm64 | 0.5.0 | 145.00 | NOTE | |||
r-oldrel-macos-x86_64 | 0.5.0 | 245.00 | NOTE | |||
r-oldrel-windows-x86_64 | 0.5.0 | 123.00 | 202.00 | 325.00 | NOTE |
Version: 0.5.0
Check: C++ specification
Result: NOTE
Specified C++11: please drop specification unless essential
Flavors: r-devel-linux-x86_64-debian-clang, r-devel-linux-x86_64-debian-gcc, r-devel-linux-x86_64-fedora-clang, r-devel-linux-x86_64-fedora-gcc, r-devel-windows-x86_64, r-patched-linux-x86_64, r-release-linux-x86_64, r-release-macos-arm64, r-release-macos-x86_64, r-release-windows-x86_64, r-oldrel-macos-arm64, r-oldrel-macos-x86_64, r-oldrel-windows-x86_64
Version: 0.5.0
Check: installed package size
Result: NOTE
installed size is 5.2Mb
sub-directories of 1Mb or more:
data 3.8Mb
libs 1.2Mb
Flavors: r-devel-windows-x86_64, r-release-macos-arm64, r-release-macos-x86_64, r-release-windows-x86_64, r-oldrel-macos-arm64, r-oldrel-macos-x86_64, r-oldrel-windows-x86_64