Last updated on 2024-07-03 01:49:15 CEST.
Flavor | Version | Tinstall | Tcheck | Ttotal | Status | Flags |
---|---|---|---|---|---|---|
r-devel-linux-x86_64-debian-clang | 0.2 | 38.43 | 32.22 | 70.65 | OK | |
r-devel-linux-x86_64-debian-gcc | 0.2 | 24.14 | 26.11 | 50.25 | OK | |
r-devel-linux-x86_64-fedora-clang | 0.2 | 99.48 | NOTE | |||
r-devel-linux-x86_64-fedora-gcc | 0.2 | 99.17 | NOTE | |||
r-devel-windows-x86_64 | 0.2 | 29.00 | 63.00 | 92.00 | OK | |
r-patched-linux-x86_64 | 0.2 | 30.28 | 32.99 | 63.27 | OK | |
r-release-linux-x86_64 | 0.2 | 27.61 | 32.84 | 60.45 | OK | |
r-release-macos-arm64 | 0.2 | 29.00 | OK | |||
r-release-macos-x86_64 | 0.2 | 37.00 | OK | |||
r-release-windows-x86_64 | 0.2 | 29.00 | 62.00 | 91.00 | OK | |
r-oldrel-macos-arm64 | 0.2 | 29.00 | OK | |||
r-oldrel-macos-x86_64 | 0.2 | 43.00 | OK | |||
r-oldrel-windows-x86_64 | 0.2 | 36.00 | 75.00 | 111.00 | OK |
Version: 0.2
Check: compiled code
Result: NOTE
File ‘sbmSDP/libs/sbmSDP.so’:
Found no calls to: ‘R_registerRoutines’, ‘R_useDynamicSymbols’
It is good practice to register native routines and to disable symbol
search.
See ‘Writing portable packages’ in the ‘Writing R Extensions’ manual.
Flavors: r-devel-linux-x86_64-fedora-clang, r-devel-linux-x86_64-fedora-gcc