CRAN Package Check Results for Package sampler

Last updated on 2025-04-30 13:54:28 CEST.

Flavor Version Tinstall Tcheck Ttotal Status Flags
r-devel-linux-x86_64-debian-clang 0.2.4 5.54 45.07 50.61 NOTE
r-devel-linux-x86_64-debian-gcc 0.2.4 4.20 32.33 36.53 NOTE
r-devel-linux-x86_64-fedora-clang 0.2.4 80.26 OK
r-devel-linux-x86_64-fedora-gcc 0.2.4 69.95 OK
r-devel-windows-x86_64 0.2.4 8.00 64.00 72.00 OK
r-patched-linux-x86_64 0.2.4 5.77 40.00 45.77 OK
r-release-linux-x86_64 0.2.4 5.45 40.07 45.52 OK
r-release-macos-arm64 0.2.4 27.00 OK
r-release-macos-x86_64 0.2.4 45.00 OK
r-release-windows-x86_64 0.2.4 7.00 61.00 68.00 OK
r-oldrel-macos-arm64 0.2.4 29.00 OK
r-oldrel-macos-x86_64 0.2.4 61.00 OK
r-oldrel-windows-x86_64 0.2.4 7.00 69.00 76.00 OK

Check Details

Version: 0.2.4
Check: CRAN incoming feasibility
Result: NOTE Maintainer: ‘Michael Baldassaro <mbaldassaro@gmail.com>’ No Authors@R field in DESCRIPTION. Please add one, modifying Authors@R: person(given = "Michael", family = "Baldassaro", role = c("aut", "cre"), email = "mbaldassaro@gmail.com") as necessary. Flavors: r-devel-linux-x86_64-debian-clang, r-devel-linux-x86_64-debian-gcc