Last updated on 2025-02-22 08:51:03 CET.
Flavor | Version | Tinstall | Tcheck | Ttotal | Status | Flags |
---|---|---|---|---|---|---|
r-devel-linux-x86_64-debian-clang | 0.2.6 | 10.92 | 98.90 | 109.82 | NOTE | |
r-devel-linux-x86_64-debian-gcc | 0.2.6 | 6.09 | 69.37 | 75.46 | NOTE | |
r-devel-linux-x86_64-fedora-clang | 0.2.6 | 174.07 | NOTE | |||
r-devel-linux-x86_64-fedora-gcc | 0.2.6 | 169.10 | NOTE | |||
r-devel-macos-arm64 | 0.2.6 | 53.00 | OK | |||
r-devel-macos-x86_64 | 0.2.6 | 89.00 | NOTE | |||
r-devel-windows-x86_64 | 0.2.6 | 12.00 | 109.00 | 121.00 | NOTE | |
r-patched-linux-x86_64 | 0.2.6 | 11.86 | 93.95 | 105.81 | OK | |
r-release-linux-x86_64 | 0.2.6 | 11.04 | 94.06 | 105.10 | OK | |
r-release-macos-arm64 | 0.2.6 | 51.00 | OK | |||
r-release-macos-x86_64 | 0.2.6 | 77.00 | OK | |||
r-release-windows-x86_64 | 0.2.6 | 12.00 | 109.00 | 121.00 | OK | |
r-oldrel-macos-arm64 | 0.2.6 | 49.00 | OK | |||
r-oldrel-macos-x86_64 | 0.2.6 | 77.00 | OK | |||
r-oldrel-windows-x86_64 | 0.2.6 | 16.00 | 136.00 | 152.00 | OK |
Version: 0.2.6
Check: DESCRIPTION meta-information
Result: NOTE
Missing dependency on R >= 4.1.0 because package code uses the pipe
|> or function shorthand \(...) syntax added in R 4.1.0.
File(s) using such syntax:
‘Bivdiff.R’ ‘Output_Tables.R’
Flavors: r-devel-linux-x86_64-debian-clang, r-devel-linux-x86_64-debian-gcc, r-devel-linux-x86_64-fedora-clang, r-devel-linux-x86_64-fedora-gcc, r-devel-macos-x86_64, r-devel-windows-x86_64