Last updated on 2024-07-01 00:49:54 CEST.
Flavor | Version | Tinstall | Tcheck | Ttotal | Status | Flags |
---|---|---|---|---|---|---|
r-devel-linux-x86_64-debian-clang | 3.2.1 | 218.77 | 480.88 | 699.65 | OK | |
r-devel-linux-x86_64-debian-gcc | 3.2.1 | 171.72 | 351.81 | 523.53 | OK | |
r-devel-linux-x86_64-fedora-clang | 3.2.1 | 890.73 | OK | |||
r-devel-linux-x86_64-fedora-gcc | 3.2.1 | 949.82 | OK | |||
r-devel-windows-x86_64 | 3.2.1 | 168.00 | 312.00 | 480.00 | OK | |
r-patched-linux-x86_64 | 3.2.1 | 201.20 | 474.59 | 675.79 | OK | |
r-release-linux-x86_64 | 3.2.1 | 190.03 | 466.00 | 656.03 | OK | |
r-release-macos-arm64 | 3.2.1 | 197.00 | NOTE | |||
r-release-macos-x86_64 | 3.2.1 | 356.00 | NOTE | |||
r-release-windows-x86_64 | 3.2.1 | 165.00 | 318.00 | 483.00 | OK | |
r-oldrel-macos-arm64 | 3.2.1 | 209.00 | NOTE | |||
r-oldrel-macos-x86_64 | 3.2.1 | 542.00 | NOTE | |||
r-oldrel-windows-x86_64 | 3.2.1 | 210.00 | 439.00 | 649.00 | OK |
Version: 3.2.1
Check: installed package size
Result: NOTE
installed size is 16.2Mb
sub-directories of 1Mb or more:
libs 15.1Mb
Flavors: r-release-macos-arm64, r-release-macos-x86_64, r-oldrel-macos-arm64, r-oldrel-macos-x86_64