CRAN Package Check Results for Package saeeb

Last updated on 2025-04-29 19:50:45 CEST.

Flavor Version Tinstall Tcheck Ttotal Status Flags
r-devel-linux-x86_64-debian-clang 0.1.0 2.14 22.51 24.65 NOTE
r-devel-linux-x86_64-debian-gcc 0.1.0 1.56 18.02 19.58 NOTE
r-devel-linux-x86_64-fedora-clang 0.1.0 40.15 OK
r-devel-linux-x86_64-fedora-gcc 0.1.0 38.70 OK
r-devel-windows-x86_64 0.1.0 3.00 44.00 47.00 OK
r-patched-linux-x86_64 0.1.0 1.84 21.81 23.65 OK
r-release-linux-x86_64 0.1.0 2.18 21.30 23.48 OK
r-release-macos-arm64 0.1.0 19.00 OK
r-release-macos-x86_64 0.1.0 29.00 OK
r-release-windows-x86_64 0.1.0 4.00 45.00 49.00 OK
r-oldrel-macos-arm64 0.1.0 17.00 OK
r-oldrel-macos-x86_64 0.1.0 25.00 OK
r-oldrel-windows-x86_64 0.1.0 4.00 47.00 51.00 OK

Check Details

Version: 0.1.0
Check: CRAN incoming feasibility
Result: NOTE Maintainer: ‘Rizki Ananda Fauziah <rizkiananda133@gmail.com>’ No Authors@R field in DESCRIPTION. Please add one, modifying Authors@R: c(person(given = c("Rizki", "Ananda"), family = "Fauziah", role = c("aut", "cre"), email = "rizkiananda133@gmail.com"), person(given = c("Ika", "Yuni"), family = "Wulansari", role = "aut")) as necessary. Flavors: r-devel-linux-x86_64-debian-clang, r-devel-linux-x86_64-debian-gcc