Last updated on 2025-04-30 01:50:36 CEST.
Flavor | Version | Tinstall | Tcheck | Ttotal | Status | Flags |
---|---|---|---|---|---|---|
r-devel-linux-x86_64-debian-clang | 0.2.14 | 80.87 | 27.87 | 108.74 | OK | |
r-devel-linux-x86_64-debian-gcc | 0.2.14 | 61.40 | 22.49 | 83.89 | OK | |
r-devel-linux-x86_64-fedora-clang | 0.2.14 | 257.84 | OK | |||
r-devel-linux-x86_64-fedora-gcc | 0.2.14 | 205.67 | OK | |||
r-devel-windows-x86_64 | 0.2.14 | 101.00 | 80.00 | 181.00 | OK | |
r-patched-linux-x86_64 | 0.2.14 | 84.23 | 25.57 | 109.80 | OK | |
r-release-linux-x86_64 | 0.2.14 | 82.65 | 25.23 | 107.88 | OK | |
r-release-macos-arm64 | 0.2.14 | 53.00 | OK | |||
r-release-macos-x86_64 | 0.2.14 | 77.00 | OK | |||
r-release-windows-x86_64 | 0.2.14 | 100.00 | 76.00 | 176.00 | OK | |
r-oldrel-macos-arm64 | 0.2.14 | 69.00 | NOTE | |||
r-oldrel-macos-x86_64 | 0.2.14 | 77.00 | NOTE | |||
r-oldrel-windows-x86_64 | 0.2.14 | 101.00 | 82.00 | 183.00 | OK |
Version: 0.2.14
Check: installed package size
Result: NOTE
installed size is 8.9Mb
sub-directories of 1Mb or more:
libs 8.5Mb
Flavors: r-oldrel-macos-arm64, r-oldrel-macos-x86_64