Last updated on 2024-06-29 11:49:23 CEST.
Flavor | Version | Tinstall | Tcheck | Ttotal | Status | Flags |
---|---|---|---|---|---|---|
r-devel-linux-x86_64-debian-clang | 2.0.19 | 253.14 | 55.19 | 308.33 | NOTE | |
r-devel-linux-x86_64-debian-gcc | 2.0.19 | 158.95 | 40.57 | 199.52 | NOTE | |
r-devel-linux-x86_64-fedora-clang | 2.0.19 | 370.41 | NOTE | |||
r-devel-linux-x86_64-fedora-gcc | 2.0.19 | 358.47 | NOTE | |||
r-devel-windows-x86_64 | 2.0.19 | 145.00 | 101.00 | 246.00 | NOTE | |
r-patched-linux-x86_64 | 2.0.19 | 182.50 | 52.10 | 234.60 | OK | |
r-release-linux-x86_64 | 2.0.19 | 192.33 | 50.87 | 243.20 | OK | |
r-release-macos-arm64 | 2.0.19 | 1113.00 | NOTE | |||
r-release-macos-x86_64 | 2.0.19 | 186.00 | NOTE | |||
r-release-windows-x86_64 | 2.0.19 | 145.00 | 94.00 | 239.00 | OK | |
r-oldrel-macos-arm64 | 2.0.19 | 905.00 | NOTE | |||
r-oldrel-macos-x86_64 | 2.0.19 | 187.00 | NOTE | |||
r-oldrel-windows-x86_64 | 2.0.19 | 182.00 | 117.00 | 299.00 | OK |
Version: 2.0.19
Check: compiled code
Result: NOTE
File ‘rxode2parse/libs/rxode2parse.so’:
Found non-API call to R: ‘SET_TYPEOF’
Compiled code should not call non-API entry points in R.
See ‘Writing portable packages’ in the ‘Writing R Extensions’ manual.
See section ‘Moving into C API compliance’ in the ‘Writing R
Extensions’ manual for issues with use of non-API entry points.
Flavors: r-devel-linux-x86_64-debian-clang, r-devel-linux-x86_64-debian-gcc, r-devel-linux-x86_64-fedora-clang, r-devel-linux-x86_64-fedora-gcc
Version: 2.0.19
Check: compiled code
Result: NOTE
File 'rxode2parse/libs/x64/rxode2parse.dll':
Found non-API call to R: 'SET_TYPEOF'
Compiled code should not call non-API entry points in R.
See 'Writing portable packages' in the 'Writing R Extensions' manual.
See section 'Moving into C API compliance' in the 'Writing R
Extensions' manual for issues with use of non-API entry points.
Flavor: r-devel-windows-x86_64
Version: 2.0.19
Check: installed package size
Result: NOTE
installed size is 32.1Mb
sub-directories of 1Mb or more:
libs 31.8Mb
Flavors: r-release-macos-arm64, r-release-macos-x86_64, r-oldrel-macos-arm64, r-oldrel-macos-x86_64