Last updated on 2025-05-22 10:50:36 CEST.
Flavor | Version | Tinstall | Tcheck | Ttotal | Status | Flags |
---|---|---|---|---|---|---|
r-devel-linux-x86_64-debian-clang | 0.1.5 | 2.19 | 24.11 | 26.30 | NOTE | |
r-devel-linux-x86_64-debian-gcc | 0.1.5 | 1.82 | 19.13 | 20.95 | NOTE | |
r-devel-linux-x86_64-fedora-clang | 0.1.5 | 40.07 | OK | |||
r-devel-linux-x86_64-fedora-gcc | 0.1.5 | 38.05 | OK | |||
r-devel-windows-x86_64 | 0.1.5 | 4.00 | 62.00 | 66.00 | NOTE | |
r-patched-linux-x86_64 | 0.1.5 | 2.83 | 22.40 | 25.23 | NOTE | |
r-release-linux-x86_64 | 0.1.5 | 2.54 | 22.07 | 24.61 | NOTE | |
r-release-macos-arm64 | 0.1.5 | 19.00 | OK | |||
r-release-macos-x86_64 | 0.1.5 | 31.00 | OK | |||
r-release-windows-x86_64 | 0.1.5 | 5.00 | 93.00 | 98.00 | NOTE | |
r-oldrel-macos-arm64 | 0.1.5 | 17.00 | OK | |||
r-oldrel-macos-x86_64 | 0.1.5 | 28.00 | OK | |||
r-oldrel-windows-x86_64 | 0.1.5 | 5.00 | 51.00 | 56.00 | OK |
Version: 0.1.5
Check: Rd cross-references
Result: NOTE
Found the following Rd file(s) with Rd \link{} targets missing package
anchors:
Colors.Rd: xts
rtsplot.Rd: xts
rtsplot.candle.Rd: xts
rtsplot.fake.stock.data.Rd: xts
rtsplot.hl.Rd: xts
rtsplot.lines.Rd: xts
rtsplot.matplot.Rd: xts
rtsplot.ohlc.Rd: xts
rtsplot.polygon.Rd: xts
rtsplot.scale.volume.Rd: xts
rtsplot.text.Rd: xts
rtsplot.volume.Rd: xts
rtsplot.x.highlight.Rd: xts
rtsplot2Y.Rd: xts
Please provide package anchors for all Rd \link{} targets not in the
package itself and the base packages.
Flavors: r-devel-linux-x86_64-debian-clang, r-devel-linux-x86_64-debian-gcc, r-devel-windows-x86_64, r-patched-linux-x86_64, r-release-linux-x86_64, r-release-windows-x86_64