Last updated on 2024-06-29 11:49:23 CEST.
Flavor | Version | Tinstall | Tcheck | Ttotal | Status | Flags |
---|---|---|---|---|---|---|
r-devel-linux-x86_64-debian-clang | 0.4.0 | 8.48 | 57.59 | 66.07 | OK | |
r-devel-linux-x86_64-debian-gcc | 0.4.0 | 5.75 | 42.77 | 48.52 | OK | |
r-devel-linux-x86_64-fedora-clang | 0.5.0 | 87.01 | NOTE | |||
r-devel-linux-x86_64-fedora-gcc | 0.4.0 | 88.59 | NOTE | |||
r-devel-windows-x86_64 | 0.4.0 | 9.00 | 66.00 | 75.00 | OK | |
r-patched-linux-x86_64 | 0.4.0 | 7.20 | 53.04 | 60.24 | OK | |
r-release-linux-x86_64 | 0.4.0 | 5.35 | 54.75 | 60.10 | OK | |
r-release-macos-arm64 | 0.4.0 | 31.00 | OK | |||
r-release-macos-x86_64 | 0.4.0 | 60.00 | OK | |||
r-release-windows-x86_64 | 0.4.0 | 8.00 | 66.00 | 74.00 | OK | |
r-oldrel-macos-arm64 | 0.4.0 | 38.00 | OK | |||
r-oldrel-macos-x86_64 | 0.4.0 | 69.00 | OK | |||
r-oldrel-windows-x86_64 | 0.4.0 | 11.00 | 72.00 | 83.00 | OK |
Version: 0.5.0
Check: data for non-ASCII characters
Result: NOTE
Note: found 37 marked UTF-8 strings
Flavor: r-devel-linux-x86_64-fedora-clang
Version: 0.4.0
Check: data for non-ASCII characters
Result: NOTE
Note: found 37 marked UTF-8 strings
Flavor: r-devel-linux-x86_64-fedora-gcc