Last updated on 2025-07-19 14:48:38 CEST.
Flavor | Version | Tinstall | Tcheck | Ttotal | Status | Flags |
---|---|---|---|---|---|---|
r-devel-linux-x86_64-debian-clang | 2.0-3 | 65.03 | 103.09 | 168.12 | OK | |
r-devel-linux-x86_64-debian-gcc | 2.0-3 | 47.83 | 67.56 | 115.39 | OK | |
r-devel-linux-x86_64-fedora-clang | 2.0-3 | 320.56 | OK | |||
r-devel-linux-x86_64-fedora-gcc | 2.0-3 | 293.23 | OK | |||
r-devel-windows-x86_64 | 2.0-3 | 87.00 | 136.00 | 223.00 | OK | |
r-patched-linux-x86_64 | 2.0-3 | 68.44 | 95.62 | 164.06 | OK | |
r-release-linux-x86_64 | 2.0-3 | 68.07 | 96.67 | 164.74 | OK | |
r-release-macos-arm64 | 2.0-3 | 75.00 | OK | |||
r-release-macos-x86_64 | 2.0-3 | 131.00 | OK | |||
r-release-windows-x86_64 | 2.0-3 | 86.00 | 138.00 | 224.00 | OK | |
r-oldrel-macos-arm64 | 2.0-3 | 77.00 | NOTE | |||
r-oldrel-macos-x86_64 | 2.0-3 | 125.00 | NOTE | |||
r-oldrel-windows-x86_64 | 2.0-3 | 105.00 | 168.00 | 273.00 | OK |
Version: 2.0-3
Check: installed package size
Result: NOTE
installed size is 7.7Mb
sub-directories of 1Mb or more:
libs 6.7Mb
Flavors: r-oldrel-macos-arm64, r-oldrel-macos-x86_64