Last updated on 2024-06-29 11:49:23 CEST.
Flavor | Version | Tinstall | Tcheck | Ttotal | Status | Flags |
---|---|---|---|---|---|---|
r-devel-linux-x86_64-debian-clang | 2.32.1 | 2445.06 | 636.69 | 3081.75 | NOTE | |
r-devel-linux-x86_64-debian-gcc | 2.32.1 | 1816.40 | 585.80 | 2402.20 | NOTE | |
r-devel-linux-x86_64-fedora-clang | 2.32.1 | 3394.32 | NOTE | |||
r-devel-linux-x86_64-fedora-gcc | 2.32.1 | 3929.33 | NOTE | |||
r-devel-windows-x86_64 | 2.32.1 | 1218.00 | 259.00 | 1477.00 | NOTE | --no-examples --no-tests --no-vignettes |
r-patched-linux-x86_64 | 2.32.1 | 1819.10 | 781.06 | 2600.16 | NOTE | |
r-release-linux-x86_64 | 2.32.1 | 2055.80 | 782.58 | 2838.38 | NOTE | |
r-release-macos-arm64 | 2.32.1 | 951.00 | NOTE | |||
r-release-macos-x86_64 | 2.32.1 | 920.00 | NOTE | |||
r-release-windows-x86_64 | 2.32.1 | 1218.00 | 262.00 | 1480.00 | NOTE | --no-examples --no-tests --no-vignettes |
r-oldrel-macos-arm64 | 2.32.1 | 584.00 | NOTE | |||
r-oldrel-macos-x86_64 | 2.32.1 | 742.00 | NOTE | |||
r-oldrel-windows-x86_64 | 2.32.1 | 1565.00 | 293.00 | 1858.00 | NOTE | --no-examples --no-tests --no-vignettes |
Version: 2.32.1
Check: for GNU extensions in Makefiles
Result: NOTE
GNU make is a SystemRequirements.
Flavors: r-devel-linux-x86_64-debian-clang, r-devel-linux-x86_64-debian-gcc, r-devel-linux-x86_64-fedora-clang, r-devel-linux-x86_64-fedora-gcc, r-patched-linux-x86_64, r-release-linux-x86_64, r-release-macos-arm64, r-release-macos-x86_64, r-oldrel-macos-arm64, r-oldrel-macos-x86_64
Version: 2.32.1
Check: installed package size
Result: NOTE
installed size is 27.8Mb
sub-directories of 1Mb or more:
R 1.8Mb
doc 4.8Mb
libs 20.4Mb
Flavors: r-devel-linux-x86_64-fedora-clang, r-release-macos-arm64, r-release-macos-x86_64, r-oldrel-macos-arm64, r-oldrel-macos-x86_64
Version: 2.32.1
Flags: --no-examples --no-tests --no-vignettes
Check: installed package size
Result: NOTE
installed size is 19.8Mb
sub-directories of 1Mb or more:
R 1.8Mb
doc 4.7Mb
libs 12.6Mb
Flavors: r-devel-windows-x86_64, r-release-windows-x86_64, r-oldrel-windows-x86_64
Version: 2.32.1
Flags: --no-examples --no-tests --no-vignettes
Check: for GNU extensions in Makefiles
Result: NOTE
GNU make is a SystemRequirements.
Flavors: r-devel-windows-x86_64, r-release-windows-x86_64, r-oldrel-windows-x86_64