Last updated on 2025-05-06 15:51:26 CEST.
Flavor | Version | Tinstall | Tcheck | Ttotal | Status | Flags |
---|---|---|---|---|---|---|
r-devel-linux-x86_64-debian-clang | 2.32.7 | 184.25 | 180.17 | 364.42 | OK | |
r-devel-linux-x86_64-debian-gcc | 2.32.7 | 158.34 | 141.21 | 299.55 | OK | |
r-devel-linux-x86_64-fedora-clang | 2.32.7 | 641.52 | OK | |||
r-devel-linux-x86_64-fedora-gcc | 2.32.7 | 1677.76 | OK | |||
r-devel-windows-x86_64 | 2.32.7 | 232.00 | 217.00 | 449.00 | OK | |
r-patched-linux-x86_64 | 2.32.7 | 211.11 | 191.49 | 402.60 | OK | |
r-release-linux-x86_64 | 2.32.7 | 201.84 | 191.93 | 393.77 | OK | |
r-release-macos-arm64 | 2.32.7 | 299.00 | OK | |||
r-release-macos-x86_64 | 2.32.7 | 979.00 | OK | |||
r-release-windows-x86_64 | 2.32.7 | 233.00 | 211.00 | 444.00 | OK | |
r-oldrel-macos-arm64 | 2.32.7 | 223.00 | NOTE | |||
r-oldrel-macos-x86_64 | 2.32.7 | 395.00 | NOTE | |||
r-oldrel-windows-x86_64 | 2.32.7 | 257.00 | 255.00 | 512.00 | NOTE |
Version: 2.32.7
Check: installed package size
Result: NOTE
installed size is 49.5Mb
sub-directories of 1Mb or more:
exec 1.7Mb
lib 34.2Mb
libs 11.7Mb
Flavors: r-oldrel-macos-arm64, r-oldrel-macos-x86_64, r-oldrel-windows-x86_64
Version: 2.32.7
Check: for GNU extensions in Makefiles
Result: NOTE
GNU make is a SystemRequirements.
Flavors: r-oldrel-macos-arm64, r-oldrel-macos-x86_64, r-oldrel-windows-x86_64