Last updated on 2025-02-22 14:53:52 CET.
Flavor | Version | Tinstall | Tcheck | Ttotal | Status | Flags |
---|---|---|---|---|---|---|
r-devel-linux-x86_64-debian-clang | 0.0.5 | 1.73 | 20.86 | 22.59 | OK | |
r-devel-linux-x86_64-debian-gcc | 0.0.5 | 1.33 | 16.82 | 18.15 | OK | |
r-devel-linux-x86_64-fedora-clang | 0.0.5 | 36.46 | OK | |||
r-devel-linux-x86_64-fedora-gcc | 0.0.5 | 60.46 | OK | |||
r-devel-macos-arm64 | 0.0.5 | 25.00 | OK | |||
r-devel-macos-x86_64 | 0.0.5 | 66.00 | OK | |||
r-devel-windows-x86_64 | 0.0.5 | 3.00 | 44.00 | 47.00 | OK | |
r-patched-linux-x86_64 | 0.0.5 | 1.64 | 19.87 | 21.51 | NOTE | |
r-release-linux-x86_64 | 0.0.5 | 1.71 | 19.73 | 21.44 | NOTE | |
r-release-macos-arm64 | 0.0.5 | 24.00 | NOTE | |||
r-release-macos-x86_64 | 0.0.5 | 41.00 | NOTE | |||
r-release-windows-x86_64 | 0.0.5 | 2.00 | 43.00 | 45.00 | NOTE | |
r-oldrel-macos-arm64 | 0.0.5 | 25.00 | NOTE | |||
r-oldrel-macos-x86_64 | 0.0.5 | 37.00 | NOTE | |||
r-oldrel-windows-x86_64 | 0.0.5 | 3.00 | 46.00 | 49.00 | NOTE |
Version: 0.0.5
Check: LazyData
Result: NOTE
'LazyData' is specified without a 'data' directory
Flavors: r-patched-linux-x86_64, r-release-linux-x86_64, r-release-macos-arm64, r-release-macos-x86_64, r-release-windows-x86_64, r-oldrel-macos-arm64, r-oldrel-macos-x86_64, r-oldrel-windows-x86_64