Last updated on 2024-06-29 11:49:23 CEST.
Flavor | Version | Tinstall | Tcheck | Ttotal | Status | Flags |
---|---|---|---|---|---|---|
r-devel-linux-x86_64-debian-clang | 1.0.0 | 5.16 | 45.74 | 50.90 | NOTE | |
r-devel-linux-x86_64-debian-gcc | 1.0.0 | 3.46 | 34.93 | 38.39 | NOTE | |
r-devel-linux-x86_64-fedora-clang | 1.0.0 | 65.26 | NOTE | |||
r-devel-linux-x86_64-fedora-gcc | 1.0.0 | 74.11 | NOTE | |||
r-devel-windows-x86_64 | 1.0.0 | 6.00 | 56.00 | 62.00 | NOTE | |
r-patched-linux-x86_64 | 1.0.0 | 4.48 | 43.60 | 48.08 | NOTE | |
r-release-linux-x86_64 | 1.0.0 | 5.08 | 44.94 | 50.02 | NOTE | |
r-release-macos-arm64 | 1.0.0 | 30.00 | NOTE | |||
r-release-macos-x86_64 | 1.0.0 | 41.00 | NOTE | |||
r-release-windows-x86_64 | 1.0.0 | 6.00 | 57.00 | 63.00 | NOTE | |
r-oldrel-macos-arm64 | 1.0.0 | 29.00 | OK | |||
r-oldrel-macos-x86_64 | 1.0.0 | 42.00 | OK | |||
r-oldrel-windows-x86_64 | 1.0.0 | 6.00 | 59.00 | 65.00 | OK |
Version: 1.0.0
Check: Rd files
Result: NOTE
checkRd: (-1) check_node.Rd:11: Lost braces
11 | \item{x}{\\code{list}, the node to check}
| ^
Flavors: r-devel-linux-x86_64-debian-clang, r-devel-linux-x86_64-debian-gcc, r-devel-linux-x86_64-fedora-clang, r-devel-linux-x86_64-fedora-gcc, r-devel-windows-x86_64, r-patched-linux-x86_64, r-release-linux-x86_64, r-release-macos-arm64, r-release-macos-x86_64, r-release-windows-x86_64