Last updated on 2024-06-29 23:50:03 CEST.
Flavor | Version | Tinstall | Tcheck | Ttotal | Status | Flags |
---|---|---|---|---|---|---|
r-devel-linux-x86_64-debian-clang | 1.0.14 | 192.47 | 100.12 | 292.59 | OK | |
r-devel-linux-x86_64-debian-gcc | 1.0.14 | 139.94 | 79.84 | 219.78 | OK | |
r-devel-linux-x86_64-fedora-clang | 1.0.14 | 387.72 | OK | |||
r-devel-linux-x86_64-fedora-gcc | 1.0.14 | 451.48 | OK | |||
r-devel-windows-x86_64 | 1.0.14 | 136.00 | 128.00 | 264.00 | OK | |
r-patched-linux-x86_64 | 1.0.14 | 173.38 | 101.75 | 275.13 | OK | |
r-release-linux-x86_64 | 1.0.14 | 177.44 | 104.86 | 282.30 | OK | |
r-release-macos-arm64 | 1.0.14 | 91.00 | NOTE | |||
r-release-macos-x86_64 | 1.0.14 | 116.00 | NOTE | |||
r-release-windows-x86_64 | 1.0.14 | 134.00 | 128.00 | 262.00 | OK | |
r-oldrel-macos-arm64 | 1.0.14 | 96.00 | NOTE | |||
r-oldrel-macos-x86_64 | 1.0.14 | 143.00 | NOTE | |||
r-oldrel-windows-x86_64 | 1.0.14 | 171.00 | 151.00 | 322.00 | OK |
Version: 1.0.14
Check: installed package size
Result: NOTE
installed size is 26.6Mb
sub-directories of 1Mb or more:
libs 25.7Mb
Flavors: r-release-macos-arm64, r-release-macos-x86_64, r-oldrel-macos-arm64, r-oldrel-macos-x86_64