Last updated on 2024-06-29 23:50:03 CEST.
Flavor | Version | Tinstall | Tcheck | Ttotal | Status | Flags |
---|---|---|---|---|---|---|
r-devel-linux-x86_64-debian-clang | 4.1.23 | 13.15 | 72.93 | 86.08 | OK | |
r-devel-linux-x86_64-debian-gcc | 4.1.23 | 9.18 | 56.83 | 66.01 | OK | |
r-devel-linux-x86_64-fedora-clang | 4.1.23 | 110.07 | NOTE | |||
r-devel-linux-x86_64-fedora-gcc | 4.1.23 | 120.36 | OK | |||
r-devel-windows-x86_64 | 4.1.23 | 25.00 | 104.00 | 129.00 | OK | |
r-patched-linux-x86_64 | 4.1.23 | 13.22 | 71.40 | 84.62 | OK | |
r-release-linux-x86_64 | 4.1.23 | 10.61 | 71.47 | 82.08 | OK | |
r-release-macos-arm64 | 4.1.23 | 44.00 | OK | |||
r-release-macos-x86_64 | 4.1.23 | 68.00 | OK | |||
r-release-windows-x86_64 | 4.1.23 | 22.00 | 106.00 | 128.00 | OK | |
r-oldrel-macos-arm64 | 4.1.23 | 73.00 | OK | |||
r-oldrel-macos-x86_64 | 4.1.23 | 168.00 | OK | |||
r-oldrel-windows-x86_64 | 4.1.23 | 25.00 | 103.00 | 128.00 | OK |
Version: 4.1.23
Check: Rd cross-references
Result: NOTE
Undeclared package ‘tree’ in Rd xrefs
Flavor: r-devel-linux-x86_64-fedora-clang