CRAN Package Check Results for Package rocTree

Last updated on 2025-04-30 01:50:35 CEST.

Flavor Version Tinstall Tcheck Ttotal Status Flags
r-devel-linux-x86_64-debian-clang 1.1.1 98.31 92.92 191.23 NOTE
r-devel-linux-x86_64-debian-gcc 1.1.1 84.16 67.82 151.98 NOTE
r-devel-linux-x86_64-fedora-clang 1.1.1 343.35 NOTE
r-devel-linux-x86_64-fedora-gcc 1.1.1 334.02 NOTE
r-devel-windows-x86_64 1.1.1 116.00 119.00 235.00 NOTE
r-patched-linux-x86_64 1.1.1 98.94 89.48 188.42 NOTE
r-release-linux-x86_64 1.1.1 98.90 88.89 187.79 NOTE
r-release-macos-arm64 1.1.1 79.00 NOTE
r-release-macos-x86_64 1.1.1 112.00 NOTE
r-release-windows-x86_64 1.1.1 114.00 118.00 232.00 NOTE
r-oldrel-macos-arm64 1.1.1 87.00 NOTE
r-oldrel-macos-x86_64 1.1.1 94.00 NOTE
r-oldrel-windows-x86_64 1.1.1 141.00 150.00 291.00 NOTE

Check Details

Version: 1.1.1
Check: CRAN incoming feasibility
Result: NOTE Maintainer: ‘Sy Han Chiou <schiou@utdallas.edu>’ The Description field contains methods can be found in Sun et al. (2019) <arXiv:1809.05627>. Please refer to arXiv e-prints via their arXiv DOI <doi:10.48550/arXiv.YYMM.NNNNN>. Flavors: r-devel-linux-x86_64-debian-clang, r-devel-linux-x86_64-debian-gcc

Version: 1.1.1
Check: C++ specification
Result: NOTE Specified C++11: please drop specification unless essential Flavors: r-devel-linux-x86_64-debian-clang, r-devel-linux-x86_64-debian-gcc, r-devel-linux-x86_64-fedora-clang, r-devel-linux-x86_64-fedora-gcc, r-devel-windows-x86_64, r-patched-linux-x86_64, r-release-linux-x86_64, r-release-macos-arm64, r-release-macos-x86_64, r-release-windows-x86_64, r-oldrel-macos-arm64, r-oldrel-macos-x86_64, r-oldrel-windows-x86_64

Version: 1.1.1
Check: installed package size
Result: NOTE installed size is 6.7Mb sub-directories of 1Mb or more: libs 6.5Mb Flavors: r-oldrel-macos-arm64, r-oldrel-macos-x86_64