Last updated on 2025-07-17 19:51:50 CEST.
Flavor | Version | Tinstall | Tcheck | Ttotal | Status | Flags |
---|---|---|---|---|---|---|
r-devel-linux-x86_64-debian-clang | 3.3-3 | 47.39 | 302.72 | 350.11 | OK | |
r-devel-linux-x86_64-debian-gcc | 3.3-3 | 33.20 | 207.20 | 240.40 | OK | |
r-devel-linux-x86_64-fedora-clang | 3.3-3 | 547.12 | OK | |||
r-devel-linux-x86_64-fedora-gcc | 3.3-3 | 600.01 | OK | |||
r-devel-windows-x86_64 | 3.3-3 | 56.00 | 326.00 | 382.00 | OK | |
r-patched-linux-x86_64 | 3.3-3 | 47.72 | 287.80 | 335.52 | OK | |
r-release-linux-x86_64 | 3.3-3 | 48.76 | 285.50 | 334.26 | OK | |
r-release-macos-arm64 | 3.3-3 | 176.00 | OK | |||
r-release-macos-x86_64 | 3.3-3 | 371.00 | OK | |||
r-release-windows-x86_64 | 3.3-3 | 55.00 | 334.00 | 389.00 | OK | |
r-oldrel-macos-arm64 | 3.3-3 | 154.00 | NOTE | |||
r-oldrel-macos-x86_64 | 3.3-3 | 377.00 | NOTE | |||
r-oldrel-windows-x86_64 | 3.3-3 | 66.00 | 416.00 | 482.00 | NOTE |
Version: 3.3-3
Check: installed package size
Result: NOTE
installed size is 9.7Mb
sub-directories of 1Mb or more:
doc 1.7Mb
libs 5.6Mb
simulationStudy 1.5Mb
Flavors: r-oldrel-macos-arm64, r-oldrel-macos-x86_64, r-oldrel-windows-x86_64