Last updated on 2024-06-29 11:49:23 CEST.
Flavor | Version | Tinstall | Tcheck | Ttotal | Status | Flags |
---|---|---|---|---|---|---|
r-devel-linux-x86_64-debian-clang | 0.8.0 | 132.76 | 144.68 | 277.44 | NOTE | |
r-devel-linux-x86_64-debian-gcc | 0.8.0 | 94.65 | 100.92 | 195.57 | NOTE | |
r-devel-linux-x86_64-fedora-clang | 0.8.0 | 378.66 | NOTE | |||
r-devel-linux-x86_64-fedora-gcc | 0.8.0 | 379.83 | NOTE | |||
r-devel-windows-x86_64 | 0.8.0 | 111.00 | 146.00 | 257.00 | NOTE | |
r-patched-linux-x86_64 | 0.8.0 | 117.16 | 133.42 | 250.58 | NOTE | |
r-release-linux-x86_64 | 0.8.0 | 121.88 | 134.04 | 255.92 | NOTE | |
r-release-macos-arm64 | 0.8.0 | 83.00 | NOTE | |||
r-release-macos-x86_64 | 0.8.0 | 146.00 | NOTE | |||
r-release-windows-x86_64 | 0.8.0 | 110.00 | 149.00 | 259.00 | NOTE | |
r-oldrel-macos-arm64 | 0.8.0 | 87.00 | NOTE | |||
r-oldrel-macos-x86_64 | 0.8.0 | 146.00 | NOTE | |||
r-oldrel-windows-x86_64 | 0.8.0 | 134.00 | 173.00 | 307.00 | OK |
Version: 0.8.0
Check: Rd files
Result: NOTE
checkRd: (-1) coefPlot.Rd:64: Lost braces
64 | for the degrees of freedom. For code{"sparseLTS"} objects, possible values
| ^
checkRd: (-1) coefPlot.Rd:65: Lost braces
65 | are code{"lambda"} for the value of the penalty parameter (the default), or
| ^
Flavors: r-devel-linux-x86_64-debian-clang, r-devel-linux-x86_64-debian-gcc, r-devel-linux-x86_64-fedora-clang, r-devel-linux-x86_64-fedora-gcc, r-devel-windows-x86_64, r-patched-linux-x86_64, r-release-linux-x86_64, r-release-macos-arm64, r-release-macos-x86_64, r-release-windows-x86_64
Version: 0.8.0
Check: installed package size
Result: NOTE
installed size is 6.9Mb
sub-directories of 1Mb or more:
data 1.5Mb
libs 4.9Mb
Flavors: r-release-macos-arm64, r-release-macos-x86_64, r-oldrel-macos-arm64, r-oldrel-macos-x86_64